000
CDUS46 KSGX 040017
CLICZZ


CLIMATE REPORT
NATIONAL WEATHER SERVICE SAN DIEGO, CA
517 PM PDT SUN MAY 3 2015


...................................

...THE CAMPO ASOS CA CLIMATE SUMMARY FOR MAY 3 2015...
VALID TODAY AS OF 0500 PM LOCAL TIME.

CLIMATE NORMAL PERIOD 1981 TO 2010
CLIMATE RECORD PERIOD 1948 TO 2015


WEATHER ITEM   OBSERVED TIME   RECORD YEAR NORMAL DEPARTURE LAST
                VALUE   (LST)  VALUE       VALUE  FROM      YEAR
                                                  NORMAL
..................................................................
TEMPERATURE (F)
 TODAY
  MAXIMUM         76   1242 PM  93    2004  77     -1       91
  MINIMUM         42    526 AM  29    1967  40      2       41
  AVERAGE         59                        59      0       66

PRECIPITATION (IN)
  TODAY            0.00          0.58 2003   0.01  -0.01     0.00
  MONTH TO DATE    0.00                      0.04  -0.04     0.00
  SINCE OCT 1      6.62                     14.12  -7.50     5.00
  SINCE JAN 1      2.75                      9.90  -7.15     2.75

SNOWFALL (IN)
  TODAY            0.0
  MONTH TO DATE    0.0
  SINCE MAR 1      0.0
  SINCE JUL 1      0.0
  SNOW DEPTH       0

DEGREE DAYS
 HEATING
  TODAY            6                         7     -1        0
  MONTH TO DATE    6                        21    -15        2
  SINCE MAR 1    589                       738   -149      626
  SINCE JUL 1   2225                      2789   -564     2496

 COOLING
  TODAY            0                         0      0        1
  MONTH TO DATE    2                         0      2        2
  SINCE MAR 1      7                         3      4       12
  SINCE JAN 1      7                         3      4       12
..................................................................


WIND (MPH)
  RESULTANT WIND SPEED   4   RESULTANT WIND DIRECTION   W (250)
  HIGHEST WIND SPEED    20   HIGHEST WIND DIRECTION    SW (230)
  HIGHEST GUST SPEED    25   HIGHEST GUST DIRECTION     W (250)
  AVERAGE WIND SPEED     8.2


SKY COVER
  POSSIBLE SUNSHINE  MM
  AVERAGE SKY COVER 0.0



RELATIVE HUMIDITY (PERCENT)
 HIGHEST   100           300 AM
 LOWEST     38           100 PM
 AVERAGE    69

..........................................................


THE CAMPO ASOS CA CLIMATE NORMALS FOR TOMORROW
                         NORMAL    RECORD    YEAR
 MAXIMUM TEMPERATURE (F)   77        96      1989
 MINIMUM TEMPERATURE (F)   41        29      1973


SUNRISE AND SUNSET
MAY  3 2015...........SUNRISE   557 AM PDT   SUNSET   729 PM PDT
MAY  4 2015...........SUNRISE   556 AM PDT   SUNSET   729 PM PDT


-  INDICATES NEGATIVE NUMBERS.
R  INDICATES RECORD WAS SET OR TIED.
MM INDICATES DATA IS MISSING.
T  INDICATES TRACE AMOUNT.




$$
