000
CDUS43 KUNR 180832
CLID07


CLIMATE REPORT
NATIONAL WEATHER SERVICE RAPID CITY SD
231 AM MDT SAT APR 18 2015


...................................

...THE FAITH SD CLIMATE SUMMARY FOR APRIL 17 2015...

CLIMATE NORMAL PERIOD 1981 TO 2010
CLIMATE RECORD PERIOD 9999 TO 9999


WEATHER ITEM   OBSERVED TIME   NORMAL DEPARTURE LAST
                VALUE   (LST)  VALUE  FROM      YEAR
                                      NORMAL
......................................................
TEMPERATURE (F)
 YESTERDAY
  MAXIMUM         67    330 PM  58      9       48
  MINIMUM         34    528 AM  33      1       27
  AVERAGE         51            46      5       38

PRECIPITATION (IN)
  YESTERDAY        0.00          0.06  -0.06     0.00
  MONTH TO DATE    0.14          0.70  -0.56     0.17
  SINCE MAR 1      0.29          1.68  -1.39     1.36
  SINCE JAN 1      0.72          2.30  -1.58     2.26

DEGREE DAYS
 HEATING
  YESTERDAY       14            20     -6       27
  MONTH TO DATE  322           391    -69      447
  SINCE MAR 1   1046          1394   -348     1565
  SINCE JUL 1   6545          7082   -537     7651

 COOLING
  YESTERDAY        0             0      0        0
  MONTH TO DATE    0             0      0        0
  SINCE MAR 1      2             0      2        0
  SINCE JAN 1      2             0      2        0
......................................................


WIND (MPH)
  HIGHEST WIND SPEED    14   HIGHEST WIND DIRECTION    SW (210)
  HIGHEST GUST SPEED    15   HIGHEST GUST DIRECTION    SW (210)
  AVERAGE WIND SPEED     6.2




RELATIVE HUMIDITY (PERCENT)
 HIGHEST    61          1100 PM
 LOWEST     17          1100 AM
 AVERAGE    39

..........................................................




SUNRISE AND SUNSET
APRIL 18 2015.........SUNRISE   559 AM MDT   SUNSET   737 PM MDT
APRIL 19 2015.........SUNRISE   557 AM MDT   SUNSET   738 PM MDT


-  INDICATES NEGATIVE NUMBERS.
R  INDICATES RECORD WAS SET OR TIED.
MM INDICATES DATA IS MISSING.
T  INDICATES TRACE AMOUNT.




$$
