000
CDUS41 KALY 180622
CLIDDH


CLIMATE REPORT
NATIONAL WEATHER SERVICE ALBANY NY
221 AM EDT SAT APR 18 2015


...................................

...THE BENNINGTON VT CLIMATE SUMMARY FOR APRIL 17 2015...

CLIMATE NORMAL PERIOD 1981 TO 2010
CLIMATE RECORD PERIOD 9999 TO 9999


WEATHER ITEM   OBSERVED TIME   NORMAL DEPARTURE LAST
                VALUE   (LST)  VALUE  FROM      YEAR
                                      NORMAL
......................................................
TEMPERATURE (F)
 YESTERDAY
  MAXIMUM         63    439 PM  58      5       50
  MINIMUM         41   1159 PM  35      6       22
  AVERAGE         52            46      6       36

PRECIPITATION (IN)
  YESTERDAY        0.10          0.09   0.01     0.00
  MONTH TO DATE    0.86          1.97  -1.11     0.99
  SINCE MAR 1      2.00          5.12  -3.12     3.14
  SINCE JAN 1      5.41         10.11  -4.70     9.00

DEGREE DAYS
 HEATING
  YESTERDAY       13            19     -6       29
  MONTH TO DATE  367           375     -8      345
  SINCE MAR 1   1538          1359    179     1503
  SINCE JUL 1   7040          6610    430     6751

 COOLING
  YESTERDAY        0             0      0        0
  MONTH TO DATE    0             0      0        4
  SINCE MAR 1      0             0      0        4
  SINCE JAN 1      0             0      0        4
......................................................


WIND (MPH)
  HIGHEST WIND SPEED    15   HIGHEST WIND DIRECTION     W (270)
  HIGHEST GUST SPEED    23   HIGHEST GUST DIRECTION     W (270)
  AVERAGE WIND SPEED     5.2


SKY COVER
  AVERAGE SKY COVER 0.6



RELATIVE HUMIDITY (PERCENT)
 HIGHEST    93           300 AM
 LOWEST     43           100 AM
 AVERAGE    68

..........................................................


THE BENNINGTON VT CLIMATE NORMALS FOR TODAY
                         NORMAL
 MAXIMUM TEMPERATURE (F)   58
 MINIMUM TEMPERATURE (F)   35


SUNRISE AND SUNSET
APRIL 18 2015.........SUNRISE   607 AM EDT   SUNSET   739 PM EDT
APRIL 19 2015.........SUNRISE   605 AM EDT   SUNSET   740 PM EDT


-  INDICATES NEGATIVE NUMBERS.
R  INDICATES RECORD WAS SET OR TIED.
MM INDICATES DATA IS MISSING.
T  INDICATES TRACE AMOUNT.




$$
