000
CDUS43 KILX 260637
CLIDEC


CLIMATE REPORT
NATIONAL WEATHER SERVICE LINCOLN IL
136 AM CDT SUN APR 26 2015


...................................

...THE DECATUR IL AIRPORT CLIMATE SUMMARY FOR APRIL 25 2015...

CLIMATE NORMAL PERIOD 1981 TO 2010
CLIMATE RECORD PERIOD 9999 TO 9999


WEATHER ITEM   OBSERVED TIME   RECORD YEAR NORMAL DEPARTURE LAST
                VALUE   (LST)  VALUE       VALUE  FROM      YEAR
                                                  NORMAL
..................................................................
TEMPERATURE (F)
 YESTERDAY
  MAXIMUM         55    239 PM  MM      MM  68    -13       73
  MINIMUM         45   1159 PM  MM      MM  45      0       50
  AVERAGE         50                        56     -6       62

PRECIPITATION (IN)
  YESTERDAY       MM            MM      MM   0.14  MM        0.07
  MONTH TO DATE    1.98                      2.85  -0.87     3.04
  SINCE MAR 1      3.59                      5.49  -1.90     4.53
  SINCE JAN 1      4.84                      9.21  -4.37     5.65

DEGREE DAYS
 HEATING
  YESTERDAY       15                         9      6        3
  MONTH TO DATE  232                       338   -106      301
  SINCE MAR 1   1021                      1065    -44     1187
  SINCE JUL 1   5667                      5322    345     5999

 COOLING
  YESTERDAY        0                         1     -1        0
  MONTH TO DATE    3                         3      0        1
  SINCE MAR 1      3                         4     -1        1
  SINCE JAN 1      3                         4     -1        1
..................................................................


WIND (MPH)
  HIGHEST WIND SPEED    26   HIGHEST WIND DIRECTION     E (80)
  HIGHEST GUST SPEED    32   HIGHEST GUST DIRECTION    NE (40)
  AVERAGE WIND SPEED    15.8


SKY COVER
  POSSIBLE SUNSHINE  MM
  AVERAGE SKY COVER 0.9


WEATHER CONDITIONS
 THE FOLLOWING WEATHER WAS RECORDED YESTERDAY.
  RAIN
  LIGHT RAIN
  FOG


RELATIVE HUMIDITY (PERCENT)
 HIGHEST    96          1100 AM
 LOWEST     77           300 AM
 AVERAGE    87

..........................................................


THE DECATUR IL AIRPORT CLIMATE NORMALS FOR TODAY
                         NORMAL    RECORD    YEAR
 MAXIMUM TEMPERATURE (F)   68        MM        MM
 MINIMUM TEMPERATURE (F)   45        MM        MM


SUNRISE AND SUNSET
APRIL 26 2015.........SUNRISE   603 AM CDT   SUNSET   745 PM CDT
APRIL 27 2015.........SUNRISE   601 AM CDT   SUNSET   746 PM CDT


-  INDICATES NEGATIVE NUMBERS.
R  INDICATES RECORD WAS SET OR TIED.
MM INDICATES DATA IS MISSING.
T  INDICATES TRACE AMOUNT.




$$
