000
CDUS45 KCYS 192125
CLIDGW


CLIMATE REPORT
NATIONAL WEATHER SERVICE CHEYENNE WY
325 PM MDT SUN APR 19 2015


...................................

...THE DOUGLAS WY AIRPORT CLIMATE SUMMARY FOR APRIL 19 2015...
VALID AS OF 0300 PM LOCAL TIME.

CLIMATE NORMAL PERIOD 1981 TO 2010
CLIMATE RECORD PERIOD 1998 TO 2015


WEATHER ITEM   OBSERVED TIME   RECORD YEAR NORMAL DEPARTURE LAST
                VALUE   (LST)  VALUE       VALUE  FROM      YEAR
                                                  NORMAL
..................................................................
TEMPERATURE (F)
 TODAY
  MAXIMUM         48    133 PM  78    2008  59    -11       63
  MINIMUM         30    552 AM  16    2013  30      0       32
  AVERAGE         39                        44     -5       48

PRECIPITATION (IN)
  TODAY            0.00          0.19 2002   0.06  -0.06     0.00
  MONTH TO DATE    2.36                      0.83   1.53     0.72
  SINCE JAN 1      3.74                      2.47   1.27     2.96

DEGREE DAYS
 HEATING
  TODAY           26                        20      6       17
  MONTH TO DATE  431                       433     -2      433
  SINCE MAR 1   1187                      1351   -164     1325
  SINCE JUL 1   6190                      6751   -561     6915

 COOLING
  TODAY            0                         0      0        0
  MONTH TO DATE    0                         0      0        0
  SINCE MAR 1      1                         0      1        0
  SINCE JAN 1      1                         0      1        0
..................................................................


WIND (MPH)
  HIGHEST WIND SPEED    28   HIGHEST WIND DIRECTION    NW (330)
  HIGHEST GUST SPEED    35   HIGHEST GUST DIRECTION    NW (320)
  AVERAGE WIND SPEED    16.0


SKY COVER
  AVERAGE SKY COVER 0.6


WEATHER CONDITIONS
 THE FOLLOWING WEATHER WAS RECORDED TODAY.
  NO SIGNIFICANT WEATHER WAS OBSERVED.


RELATIVE HUMIDITY (PERCENT)
 HIGHEST    92           400 AM
 LOWEST     34           200 PM
 AVERAGE    63

..........................................................


THE DOUGLAS WY AIRPORT CLIMATE NORMALS FOR TOMORROW
                         NORMAL    RECORD    YEAR
 MAXIMUM TEMPERATURE (F)   59        72      2014
                                             2012
 MINIMUM TEMPERATURE (F)   31        20      2011


SUNRISE AND SUNSET
APRIL 19 2015.........SUNRISE   614 AM MDT   SUNSET   748 PM MDT
APRIL 20 2015.........SUNRISE   612 AM MDT   SUNSET   749 PM MDT


-  INDICATES NEGATIVE NUMBERS.
R  INDICATES RECORD WAS SET OR TIED.
MM INDICATES DATA IS MISSING.
T  INDICATES TRACE AMOUNT.




$$
