000
CDUS43 KBIS 070041
CLIDIK


CLIMATE REPORT
NATIONAL WEATHER SERVICE BISMARCK ND
741 PM CDT WED MAY 6 2015


...................................

...THE DICKINSON ND CLIMATE SUMMARY FOR MAY 6 2015...
VALID TODAY AS OF 0700 PM LOCAL TIME.

CLIMATE NORMAL PERIOD 1981 TO 2010
CLIMATE RECORD PERIOD 1893 TO 2015


WEATHER ITEM   OBSERVED TIME   RECORD YEAR NORMAL DEPARTURE LAST
                VALUE   (LST)  VALUE       VALUE  FROM      YEAR
                                                  NORMAL
..................................................................
TEMPERATURE (F)
 TODAY
  MAXIMUM         63    311 PM  89    1992  63      0       54
  MINIMUM         54    151 AM  14    1929  37     17       45
  AVERAGE         59                        50      9       50

PRECIPITATION (IN)
  TODAY            0.23          0.59 1995   0.07   0.16     0.04
  MONTH TO DATE    0.23                      0.41  -0.18     0.08
  SINCE MAR 1      1.73                      2.57  -0.84     1.77
  SINCE JAN 1      2.00                      3.20  -1.20     1.94

DEGREE DAYS
 HEATING
  TODAY            6                        15     -9       15
  MONTH TO DATE   59                        97    -38      111
  SINCE MAR 1   1526                      1865   -339     2082
  SINCE JUL 1   7641                      8159   -518     8724

 COOLING
  TODAY            0                         0      0        0
  MONTH TO DATE    0                         0      0        0
  SINCE MAR 1      0                         1     -1        0
  SINCE JAN 1      0                         1     -1        0
..................................................................


WIND (MPH)
  RESULTANT WIND SPEED  11   RESULTANT WIND DIRECTION  SE (140)
  HIGHEST WIND SPEED    17   HIGHEST WIND DIRECTION    SE (150)
  HIGHEST GUST SPEED    MM   HIGHEST GUST DIRECTION    MM
  AVERAGE WIND SPEED    12.7


SKY COVER
  POSSIBLE SUNSHINE  MM
  AVERAGE SKY COVER 0.9


WEATHER CONDITIONS
 THE FOLLOWING WEATHER WAS RECORDED TODAY.
  HEAVY RAIN
  RAIN
  LIGHT RAIN
  FOG


RELATIVE HUMIDITY (PERCENT)
 HIGHEST    93          1200 AM
 LOWEST     78           900 AM
 AVERAGE    86

..........................................................


THE DICKINSON ND CLIMATE NORMALS FOR TOMORROW
                         NORMAL    RECORD    YEAR
 MAXIMUM TEMPERATURE (F)   64        93      1992
 MINIMUM TEMPERATURE (F)   37        14      1929


SUNRISE AND SUNSET
MAY  6 2015...........SUNRISE   529 AM MDT   SUNSET   808 PM MDT
MAY  7 2015...........SUNRISE   527 AM MDT   SUNSET   809 PM MDT


-  INDICATES NEGATIVE NUMBERS.
R  INDICATES RECORD WAS SET OR TIED.
MM INDICATES DATA IS MISSING.
T  INDICATES TRACE AMOUNT.




$$
