000
CDUS43 KEAX 190031
CLIDMO


CLIMATE REPORT
NATIONAL WEATHER SERVICE KANSAS CITY/PLEASANT HILL MO
731 PM CDT SAT APR 18 2015


...................................

...THE SEDALIA MO CLIMATE SUMMARY FOR APRIL 18 2015...
VALID TODAY AS OF 0700 PM LOCAL TIME.

CLIMATE NORMAL PERIOD 1981 TO 2010
CLIMATE RECORD PERIOD 9999 TO 9999


WEATHER ITEM   OBSERVED TIME   NORMAL DEPARTURE LAST
                VALUE   (LST)  VALUE  FROM      YEAR
                                      NORMAL
......................................................
TEMPERATURE (F)
 TODAY
  MAXIMUM         72   1002 AM  68      4       70
  MINIMUM         60    534 AM  47     13       38
  AVERAGE         66            58      8       54

PRECIPITATION (IN)
  TODAY            0.92          0.15   0.77     0.00
  MONTH TO DATE    3.37          2.17   1.20     5.42
  SINCE MAR 1      4.50          4.78  -0.28     6.35
  SINCE JAN 1      6.58          8.38  -1.80     7.29

DEGREE DAYS
 HEATING
  TODAY            0             9     -9       11
  MONTH TO DATE   95           199   -104      235
  SINCE MAR 1    635           784   -149      929
  SINCE JUL 1   4483          4401     82     5148

 COOLING
  TODAY            1             1      0        0
  MONTH TO DATE   17            17      0        6
  SINCE MAR 1     18            20     -2        6
  SINCE JAN 1     18            20     -2        6
......................................................


WIND (MPH)
  HIGHEST WIND SPEED    16   HIGHEST WIND DIRECTION     W (260)
  HIGHEST GUST SPEED    21   HIGHEST GUST DIRECTION     W (270)
  AVERAGE WIND SPEED     6.3


SKY COVER
  AVERAGE SKY COVER 0.5


WEATHER CONDITIONS
 THE FOLLOWING WEATHER WAS RECORDED TODAY.
  HEAVY RAIN
  RAIN
  LIGHT RAIN
  FOG


RELATIVE HUMIDITY (PERCENT)
 HIGHEST    97           200 PM
 LOWEST     68          1200 AM
 AVERAGE    83

..........................................................


THE SEDALIA MO CLIMATE NORMALS FOR TOMORROW
                         NORMAL
 MAXIMUM TEMPERATURE (F)   68
 MINIMUM TEMPERATURE (F)   47


SUNRISE AND SUNSET
APRIL 18 2015.........SUNRISE   632 AM CDT   SUNSET   752 PM CDT
APRIL 19 2015.........SUNRISE   631 AM CDT   SUNSET   753 PM CDT


-  INDICATES NEGATIVE NUMBERS.
R  INDICATES RECORD WAS SET OR TIED.
MM INDICATES DATA IS MISSING.
T  INDICATES TRACE AMOUNT.




$$
