000
CDUS44 KEWX 172302
CLIDRT


CLIMATE REPORT
NATIONAL WEATHER SERVICE AUSTIN/SAN ANTONIO, TX
602 PM CDT FRI APR 17 2015


...................................

...THE DEL RIO CLIMATE SUMMARY FOR APRIL 17 2015...
VALID TODAY AS OF 600 PM LOCAL TIME.

CLIMATE NORMAL PERIOD 1981 TO 2010
CLIMATE RECORD PERIOD 1906 TO 2015


WEATHER ITEM   OBSERVED TIME   RECORD YEAR NORMAL DEPARTURE LAST
                VALUE   (LST)  VALUE       VALUE  FROM      YEAR
                                                  NORMAL
..................................................................
TEMPERATURE (F)
 TODAY
  MAXIMUM         79   1241 PM 101    2006  84     -5       82
                                      1920
  MINIMUM         66   1112 AM  43    1999  60      6       59
                                      1947
  AVERAGE         73                        72      1       71

PRECIPITATION (IN)
  TODAY            0.16          1.14 2009   0.06   0.10     0.00
  MONTH TO DATE    1.00                      0.82   0.18     0.00
  SINCE MAR 1      3.21                      1.96   1.25     0.32
  SINCE JAN 1      4.20                      3.56   0.64     0.54

SNOWFALL (IN)
  TODAY            0.0
  MONTH TO DATE    0.0
  SINCE MAR 1      0.0
  SINCE JUL 1      0.0
  SNOW DEPTH       0

DEGREE DAYS
 HEATING
  TODAY            0                         1     -1        0
  MONTH TO DATE    2                        21    -19       14
  SINCE MAR 1    140                       135      5      148
  SINCE JUL 1   1467                      1371     96     1555

 COOLING
  TODAY            8                         8      0        6
  MONTH TO DATE  124                       105     19      127
  SINCE MAR 1    195                       192      3      211
  SINCE JAN 1    210                       211     -1      256
..................................................................


WIND (MPH)
  HIGHEST WIND SPEED    18   HIGHEST WIND DIRECTION     W (250)
  HIGHEST GUST SPEED    24   HIGHEST GUST DIRECTION    SW (240)
  AVERAGE WIND SPEED     6.2



WEATHER CONDITIONS
 THE FOLLOWING WEATHER WAS RECORDED TODAY.
  HEAVY RAIN
  LIGHT RAIN
  FOG
  FOG W/VISIBILITY <= 1/4 MILE


RELATIVE HUMIDITY (PERCENT)
 HIGHEST   100           400 AM
 LOWEST     67           100 PM
 AVERAGE    84

..........................................................


THE DEL RIO CLIMATE NORMALS FOR TOMORROW
                         NORMAL    RECORD    YEAR
 MAXIMUM TEMPERATURE (F)   84       104      2006
 MINIMUM TEMPERATURE (F)   60        42      1921


SUNRISE AND SUNSET
APRIL 17 2015.........SUNRISE   716 AM CDT   SUNSET   811 PM CDT
APRIL 18 2015.........SUNRISE   714 AM CDT   SUNSET   812 PM CDT


-  INDICATES NEGATIVE NUMBERS.
R  INDICATES RECORD WAS SET OR TIED.
MM INDICATES DATA IS MISSING.
T  INDICATES TRACE AMOUNT.




$$
