000
CDUS46 KOTX 070822
CLIEAT


CLIMATE REPORT
NATIONAL WEATHER SERVICE SPOKANE, WA
122 AM PDT THU MAY 7 2015


...................................

...THE WENATCHEE WA PANGBORN FIELD CLIMATE SUMMARY FOR MAY 6 2015...

CLIMATE NORMAL PERIOD 1981 TO 2010
CLIMATE RECORD PERIOD 1959 TO 2015


WEATHER ITEM   OBSERVED TIME   RECORD YEAR NORMAL DEPARTURE LAST
                VALUE   (LST)  VALUE       VALUE  FROM      YEAR
                                                  NORMAL
..................................................................
TEMPERATURE (F)
 YESTERDAY
  MAXIMUM         67    143 PM  93    1992  68     -1       70
  MINIMUM         43    517 AM  33    2002  46     -3       47
  AVERAGE         55                        57     -2       59

PRECIPITATION (IN)
  YESTERDAY        0.03          0.28 1960   0.02   0.01     0.00
  MONTH TO DATE    0.03                      0.09  -0.06     0.01
  SINCE OCT 1      5.69                      6.01  -0.32     2.70
  SINCE JAN 1      2.51                      3.06  -0.55     2.14

SNOWFALL (IN)
  YESTERDAY       MM

DEGREE DAYS
 HEATING
  YESTERDAY       10                         9      1        6
  MONTH TO DATE   28                        57    -29       22
  SINCE MAR 1    823                      1109   -286      996
  SINCE JUL 1   4452                      5573  -1121     5566

 COOLING
  YESTERDAY        0                         1     -1        0
  MONTH TO DATE    2                         2      0        6
  SINCE MAR 1      2                        40    -38        6
  SINCE JAN 1      2                        40    -38        6
..................................................................


WIND (MPH)
  HIGHEST WIND SPEED    20   HIGHEST WIND DIRECTION    NE (50)
  HIGHEST GUST SPEED    26   HIGHEST GUST DIRECTION    NE (40)
  AVERAGE WIND SPEED     9.8


SKY COVER
  POSSIBLE SUNSHINE  MM
  AVERAGE SKY COVER 0.1


WEATHER CONDITIONS
 THE FOLLOWING WEATHER WAS RECORDED YESTERDAY.
  LIGHT RAIN


RELATIVE HUMIDITY (PERCENT)
 HIGHEST    66          1000 PM
 LOWEST     13           200 PM
 AVERAGE    40

..........................................................


THE WENATCHEE WA PANGBORN FIELD CLIMATE NORMALS FOR TODAY
                         NORMAL    RECORD    YEAR
 MAXIMUM TEMPERATURE (F)   69        92      1987
 MINIMUM TEMPERATURE (F)   46        34      2010
                                             1996


SUNRISE AND SUNSET
MAY  7 2015...........SUNRISE   535 AM PDT   SUNSET   820 PM PDT
MAY  8 2015...........SUNRISE   534 AM PDT   SUNSET   822 PM PDT


-  INDICATES NEGATIVE NUMBERS.
R  INDICATES RECORD WAS SET OR TIED.
MM INDICATES DATA IS MISSING.
T  INDICATES TRACE AMOUNT.




$$
