000
CDUS44 KBMX 210755
CLIEET


CLIMATE REPORT
NATIONAL WEATHER SERVICE BIRMINGHAM, AL
254 AM CDT TUE APR 21 2015


...................................

...THE SHELBY COUNTY AIRPORT CLIMATE SUMMARY FOR APRIL 20 2015...

CLIMATE NORMAL PERIOD 1981 TO 2010
CLIMATE RECORD PERIOD 9999 TO 9999


WEATHER ITEM   OBSERVED TIME   RECORD YEAR NORMAL DEPARTURE LAST
                VALUE   (LST)  VALUE       VALUE  FROM      YEAR
                                                  NORMAL
..................................................................
TEMPERATURE (F)
 YESTERDAY
  MAXIMUM         75   1220 PM  MM      MM  75      0       77
  MINIMUM         55   1159 PM  MM      MM  52      3       51
  AVERAGE         65                        64      1       64

PRECIPITATION (IN)
  YESTERDAY        0.00                      0.13  -0.13     0.00
  MONTH TO DATE    5.12                      2.64   2.48     7.63
  SINCE MAR 1      8.93                      7.12   1.81    14.53
  SINCE JAN 1     18.30                     18.20   0.10    23.06

SNOWFALL (IN)
  YESTERDAY        0.0                      MM     MM        0.0
  MONTH TO DATE    0.0                      MM     MM        0.0
  SINCE MAR 1      T                        MM     MM        0.0
  SINCE JUL 1      T                        MM     MM        1.3
  SNOW DEPTH       0

DEGREE DAYS
 HEATING
  YESTERDAY        0                         4     -4        1
  MONTH TO DATE   13                       104    -91       88
  SINCE MAR 1    221                       413   -192      431
  SINCE JUL 1   2466                      2542    -76     2710

 COOLING
  YESTERDAY        0                         2     -2        0
  MONTH TO DATE   79                        31     48       18
  SINCE MAR 1     95                        44     51       18
  SINCE JAN 1     95                        48     47       22
..................................................................


WIND (MPH)
  HIGHEST WIND SPEED    17   HIGHEST WIND DIRECTION    NW (300)
  HIGHEST GUST SPEED    27   HIGHEST GUST DIRECTION    NW (310)
  AVERAGE WIND SPEED     7.1


SKY COVER
  POSSIBLE SUNSHINE  MM
  AVERAGE SKY COVER 0.2


WEATHER CONDITIONS
 THE FOLLOWING WEATHER WAS RECORDED YESTERDAY.
  NO SIGNIFICANT WEATHER WAS OBSERVED.


RELATIVE HUMIDITY (PERCENT)
 HIGHEST    87           100 AM
 LOWEST     44          1200 PM
 AVERAGE    66

..........................................................


THE SHELBY COUNTY AIRPORT CLIMATE NORMALS FOR TODAY
                         NORMAL    RECORD    YEAR
 MAXIMUM TEMPERATURE (F)   76        MM        MM
 MINIMUM TEMPERATURE (F)   52        MM        MM


SUNRISE AND SUNSET
APRIL 21 2015.........SUNRISE   610 AM CDT   SUNSET   722 PM CDT
APRIL 22 2015.........SUNRISE   609 AM CDT   SUNSET   723 PM CDT


-  INDICATES NEGATIVE NUMBERS.
R  INDICATES RECORD WAS SET OR TIED.
MM INDICATES DATA IS MISSING.
T  INDICATES TRACE AMOUNT.




$$
