000
CDUS46 KEKA 211214
CLIEKA


CLIMATE REPORT
NATIONAL WEATHER SERVICE EUREKA CA
514 AM PDT TUE APR 21 2015


...................................

...THE EUREKA CA CLIMATE SUMMARY FOR APRIL 20 2015...

CLIMATE NORMAL PERIOD 1981 TO 2010
CLIMATE RECORD PERIOD 1886 TO 2015


WEATHER ITEM   OBSERVED RECORD YEAR NORMAL DEPARTURE LAST
                VALUE   VALUE       VALUE  FROM      YEAR
                                           NORMAL
...........................................................
TEMPERATURE (F)
 YESTERDAY
  MAXIMUM         53     75    1982  58     -5       59
  MINIMUM         47     36    1970  44      3       46
  AVERAGE         50                 51     -1       53

PRECIPITATION (IN)
  YESTERDAY        T      1.74 1980   0.10  -0.10     0.00
  MONTH TO DATE    2.50               2.41   0.09     0.36
  SINCE OCT 1     30.49              35.81  -5.32    15.95
  SINCE JAN 1     12.11              19.84  -7.73    14.05

SNOWFALL (IN)
  YESTERDAY        0.0    T    2008   0.0    0.0      0.0
  MONTH TO DATE    T                  0.0    0.0      0.0
  SINCE MAR 1      T                  0.0    0.0      0.0
  SINCE JUL 1      T                  0.2   -0.2       T
  SNOW DEPTH       0

DEGREE DAYS
 HEATING
  YESTERDAY       15                 14      1       12
  MONTH TO DATE  303                291     12      264
  SINCE MAR 1    698                767    -69      674
  SINCE JUL 1   2853               3689   -836     3765

 COOLING
  YESTERDAY        0                  0      0        0
  MONTH TO DATE    0                  0      0        0
  SINCE MAR 1      0                  0      0        0
  SINCE JAN 1      0                  0      0        0
...........................................................


WIND (MPH)
  HIGHEST WIND SPEED     8   HIGHEST WIND DIRECTION     W (290)
  HIGHEST GUST SPEED    12   HIGHEST GUST DIRECTION    MM
  AVERAGE WIND SPEED     3.3


SKY COVER
  AVERAGE SKY COVER 1.0


WEATHER CONDITIONS
 THE FOLLOWING WEATHER WAS RECORDED YESTERDAY.
  LIGHT RAIN
  FOG


..........................................................


THE EUREKA CA CLIMATE NORMALS FOR TODAY
                         NORMAL    RECORD    YEAR
 MAXIMUM TEMPERATURE (F)   58        79      1982
 MINIMUM TEMPERATURE (F)   45        35      1995
                                             1971


SUNRISE AND SUNSET
APRIL 21 2015.........SUNRISE   629 AM PDT   SUNSET   802 PM PDT
APRIL 22 2015.........SUNRISE   628 AM PDT   SUNSET   803 PM PDT


-  INDICATES NEGATIVE NUMBERS.
R  INDICATES RECORD WAS SET OR TIED.
MM INDICATES DATA IS MISSING.
T  INDICATES TRACE AMOUNT.




&&

..........................................................

TOTAL SEASON     NORMAL   % OF NORMAL     LAST SEASON

    30.49         35.81        85            15.95


$$
