000
CDUS41 KRLX 060719
CLIEKN


CLIMATE REPORT
NATIONAL WEATHER SERVICE CHARLESTON WV
317 AM EDT WED MAY 6 2015


...................................

...THE ELKINS WV CLIMATE SUMMARY FOR MAY 5 2015...

CLIMATE NORMAL PERIOD 1981 TO 2010
CLIMATE RECORD PERIOD 1899 TO 2015


WEATHER ITEM   OBSERVED TIME   RECORD YEAR NORMAL DEPARTURE LAST
                VALUE   (LST)  VALUE       VALUE  FROM      YEAR
                                                  NORMAL
..................................................................
TEMPERATURE (F)
 YESTERDAY
  MAXIMUM         78    149 PM  87    1950  68     10       57
  MINIMUM         51    531 AM  26    1976  42      9       33
                                      1966
  AVERAGE         65                        55     10       45

PRECIPITATION (IN)
  YESTERDAY        0.07          1.15 1908   0.16  -0.09     0.07
  MONTH TO DATE    0.33                      0.74  -0.41     0.11
  SINCE JAN 1     20.39                     14.83   5.56    11.50

SNOWFALL (IN)
  YESTERDAY        0.0
  MONTH TO DATE    0.0
  SINCE SEP 1     70.3
  SNOW DEPTH       0

DEGREE DAYS
 HEATING
  YESTERDAY        0                        10    -10       20
  MONTH TO DATE   38                        53    -15       65
  SINCE MAR 1   1234                      1295    -61     1349
  SINCE JUL 1   5865                      5616    249     5872

 COOLING
  YESTERDAY        0                         0      0        0
  MONTH TO DATE    0                         0      0        0
  SINCE MAR 1      3                         3      0        2
  SINCE JAN 1      3                         3      0        2
..................................................................


WIND (MPH)
  HIGHEST WIND SPEED    15   HIGHEST WIND DIRECTION    NW (310)
  HIGHEST GUST SPEED    21   HIGHEST GUST DIRECTION    NW (310)
  AVERAGE WIND SPEED     3.1


SKY COVER
  POSSIBLE SUNSHINE  MM
  AVERAGE SKY COVER 0.6


WEATHER CONDITIONS
 THE FOLLOWING WEATHER WAS RECORDED YESTERDAY.
  HEAVY RAIN
  LIGHT RAIN
  FOG
  FOG W/VISIBILITY <= 1/4 MILE


RELATIVE HUMIDITY (PERCENT)
 HIGHEST    93           900 PM
 LOWEST     40           200 PM
 AVERAGE    67

..........................................................


THE ELKINS WV CLIMATE NORMALS FOR TODAY
                         NORMAL    RECORD    YEAR
 MAXIMUM TEMPERATURE (F)   69        88      1999
 MINIMUM TEMPERATURE (F)   42        25      1910


SUNRISE AND SUNSET
MAY  6 2015...........SUNRISE   616 AM EDT   SUNSET   816 PM EDT
MAY  7 2015...........SUNRISE   615 AM EDT   SUNSET   817 PM EDT


-  INDICATES NEGATIVE NUMBERS.
R  INDICATES RECORD WAS SET OR TIED.
MM INDICATES DATA IS MISSING.
T  INDICATES TRACE AMOUNT.




$$
