000
CDUS42 KMHX 030530
CLIEWN


CLIMATE REPORT
NATIONAL WEATHER SERVICE NEWPORT/MOREHEAD CITY NC
129 AM EDT SUN MAY 3 2015


...................................

...THE NEW BERN NC CLIMATE SUMMARY FOR MAY 2 2015...

CLIMATE NORMAL PERIOD 1981 TO 2010
CLIMATE RECORD PERIOD 1948 TO 2015


WEATHER ITEM   OBSERVED TIME   RECORD YEAR NORMAL DEPARTURE LAST
                VALUE   (LST)  VALUE       VALUE  FROM      YEAR
                                                  NORMAL
..................................................................
TEMPERATURE (F)
 YESTERDAY
  MAXIMUM         73    357 PM  92    1962  77     -4       72
  MINIMUM         44    545 AM  32    1963  55    -11       59
  AVERAGE         59                        66     -7       66

PRECIPITATION (IN)
  YESTERDAY        0.00          1.52 1961   0.11  -0.11     0.02
  MONTH TO DATE    0.32                      0.22   0.10     0.02
  SINCE MAR 1      5.94                      7.78  -1.84     9.45
  SINCE JAN 1     14.31                     15.46  -1.15    15.98

SNOWFALL (IN)
  YESTERDAY        0.0
  MONTH TO DATE    0.0
  SINCE NOV 1      3.0
  SINCE JUL 1      3.0
  SNOW DEPTH       0

DEGREE DAYS
 HEATING
  YESTERDAY        6                         2      4        0
  MONTH TO DATE   13                         5      8        0
  SINCE MAR 1    470                       526    -56      558
  SINCE JUL 1   2713                      2672     41     2632

 COOLING
  YESTERDAY        0                         3     -3        1
  MONTH TO DATE    0                         6     -6       13
  SINCE MAR 1     88                        73     15       93
  SINCE JAN 1     95                        76     19       98
..................................................................


WIND (MPH)
  HIGHEST WIND SPEED    16   HIGHEST WIND DIRECTION     N (10)
  HIGHEST GUST SPEED    21   HIGHEST GUST DIRECTION    NW (310)
  AVERAGE WIND SPEED     5.2


SKY COVER
  POSSIBLE SUNSHINE  MM
  AVERAGE SKY COVER 0.3


WEATHER CONDITIONS
 THE FOLLOWING WEATHER WAS RECORDED YESTERDAY.
  FOG


RELATIVE HUMIDITY (PERCENT)
 HIGHEST    93           500 AM
 LOWEST     38           400 PM
 AVERAGE    66

..........................................................


THE NEW BERN NC CLIMATE NORMALS FOR TODAY
                         NORMAL    RECORD    YEAR
 MAXIMUM TEMPERATURE (F)   78        95      1959
 MINIMUM TEMPERATURE (F)   55        37      1963


SUNRISE AND SUNSET
MAY  3 2015...........SUNRISE   615 AM EDT   SUNSET   755 PM EDT
MAY  4 2015...........SUNRISE   614 AM EDT   SUNSET   756 PM EDT


-  INDICATES NEGATIVE NUMBERS.
R  INDICATES RECORD WAS SET OR TIED.
MM INDICATES DATA IS MISSING.
T  INDICATES TRACE AMOUNT.




$$
