000
CDUS41 KOKX 260635
CLIEWR


CLIMATE REPORT
NATIONAL WEATHER SERVICE NEW YORK NY
234 AM EDT SUN APR 26 2015


...................................

...THE NEWARK NJ CLIMATE SUMMARY FOR APRIL 25 2015...

CLIMATE NORMAL PERIOD 1981 TO 2010
CLIMATE RECORD PERIOD 1929 TO 2015


WEATHER ITEM   OBSERVED TIME   RECORD YEAR NORMAL DEPARTURE LAST
                VALUE   (LST)  VALUE       VALUE  FROM      YEAR
                                                  NORMAL
..................................................................
TEMPERATURE (F)
 YESTERDAY
  MAXIMUM         62    505 PM  91    1960  66     -4       59
  MINIMUM         36    305 AM  34    1936  47    -11       42
  AVERAGE         49                        56     -7       51

PRECIPITATION (IN)
  YESTERDAY        0.00          1.25 2010   0.13  -0.13     0.04
  MONTH TO DATE    1.67                      3.54  -1.87     2.00
  SINCE MAR 1      6.30                      7.72  -1.42     5.65
  SINCE JAN 1     12.78                     14.14  -1.36    13.37

SNOWFALL (IN)
  YESTERDAY        0.0           0.0  2002   0.0    0.0      0.0
                                      2001
  MONTH TO DATE    T                         0.9   -0.9      0.4
  SINCE OCT 1     46.4                      28.5   17.9     61.1
  SINCE JUL 1     46.4                      28.5   17.9     61.1
  SNOW DEPTH       0

DEGREE DAYS
 HEATING
  YESTERDAY       16                         9      7       14
  MONTH TO DATE  287                       334    -47      321
  SINCE MAR 1   1126                      1043     83     1155
  SINCE JUL 1   5029                      4678    351     5030

 COOLING
  YESTERDAY        0                         1     -1        0
  MONTH TO DATE    3                         4     -1        8
  SINCE MAR 1      3                         5     -2        8
  SINCE JAN 1      3                         5     -2        8
..................................................................


WIND (MPH)
  HIGHEST WIND SPEED    20   HIGHEST WIND DIRECTION     W (270)
  HIGHEST GUST SPEED    24   HIGHEST GUST DIRECTION     W (260)
  AVERAGE WIND SPEED    10.0


SKY COVER
  AVERAGE SKY COVER 0.5


WEATHER CONDITIONS
 THE FOLLOWING WEATHER WAS RECORDED YESTERDAY.
  NO SIGNIFICANT WEATHER WAS OBSERVED.


RELATIVE HUMIDITY (PERCENT)
 HIGHEST    54           500 AM
 LOWEST     20           600 PM
 AVERAGE    37

..........................................................


THE NEWARK NJ CLIMATE NORMALS FOR TODAY
                         NORMAL    RECORD    YEAR
 MAXIMUM TEMPERATURE (F)   66        93      2009
 MINIMUM TEMPERATURE (F)   47        34      1934


SUNRISE AND SUNSET
APRIL 26 2015.........SUNRISE   602 AM EDT   SUNSET   747 PM EDT
APRIL 27 2015.........SUNRISE   601 AM EDT   SUNSET   748 PM EDT


-  INDICATES NEGATIVE NUMBERS.
R  INDICATES RECORD WAS SET OR TIED.
MM INDICATES DATA IS MISSING.
T  INDICATES TRACE AMOUNT.




$$
