000
CDAK49 PAFG 210934
CLIFAI

CLIMATE REPORT
NATIONAL WEATHER SERVICE FAIRBANKS AK
134 AM AKDT TUE APR 21 2015

...................................

...THE FAIRBANKS AK CLIMATE SUMMARY FOR APRIL 20 2015...

CLIMATE NORMAL PERIOD 1981 TO 2010
CLIMATE RECORD PERIOD 1904 TO 2015


WEATHER ITEM   OBSERVED TIME   RECORD YEAR NORMAL DEPARTURE LAST
                VALUE   (LST)  VALUE       VALUE  FROM      YEAR
                                                  NORMAL
..................................................................
TEMPERATURE (F)
 YESTERDAY
  MAXIMUM         51    421 PM  64    1999  48      3       52
  MINIMUM         29    519 AM  -6    1937  25      4       36
  AVERAGE         40                        36      4       44

PRECIPITATION (IN)
  YESTERDAY        T             0.47 1979   0.01  -0.01     0.00
  MONTH TO DATE    0.16                      0.17  -0.01     0.20
  SINCE MAR 1      0.65                      0.42   0.23     0.41
  SINCE JAN 1      1.28                      1.42  -0.14     1.03

SNOWFALL (IN)
  YESTERDAY        T             5.5  1982   0.1   -0.1      0.0
  MONTH TO DATE    2.1                       2.2   -0.1      2.9
  SINCE MAR 1     10.2                       7.1    3.1      6.0
  SINCE JUL 1     43.8                      63.4  -19.6     48.9
  SNOW DEPTH       0

DEGREE DAYS
 HEATING
  YESTERDAY       25                        29     -4       21
  MONTH TO DATE  614                       721   -107      732
  SINCE MAR 1   2141                      2381   -240     2308
  SINCE JUL 1  11608                     12771  -1163    11700

 COOLING
  YESTERDAY        0                         0      0        0
  MONTH TO DATE    0                         0      0        0
  SINCE MAR 1      0                         0      0        0
  SINCE JAN 1      0                         0      0        0
..................................................................


WIND (MPH)
  HIGHEST GUST SPEED    30   HIGHEST GUST DIRECTION     W (260)


SKY COVER
  AVERAGE SKY COVER 0.7


WEATHER CONDITIONS
 THE FOLLOWING WEATHER WAS RECORDED YESTERDAY.
  LIGHT SNOW


RELATIVE HUMIDITY (PERCENT)
 HIGHEST    70
 LOWEST     21
 AVERAGE    46

..........................................................


THE FAIRBANKS AK CLIMATE NORMALS FOR TODAY
                         NORMAL    RECORD    YEAR
 MAXIMUM TEMPERATURE (F)   48        66      1940
 MINIMUM TEMPERATURE (F)   25       -20      1924


SUNRISE AND SUNSET
APRIL 21 2015..........SUNRISE  555 AM AKDT   SUNSET  948 PM AKDT
APRIL 22 2015..........SUNRISE  552 AM AKDT   SUNSET  952 PM AKDT


-  INDICATES NEGATIVE NUMBERS.
R  INDICATES RECORD WAS SET OR TIED.
MM INDICATES DATA IS MISSING.
T  INDICATES TRACE AMOUNT.

&&

SNOW DEPTH IS MEASURED AT 3AM AKST/4AM AKDT

----------------------------
AVAILABLE DAYLIGHT

AMOUNT OF DAYLIGHT TODAY  (HOUR:MIN)........15:53
GAIN SINCE YESTERDAY........................7 MINUTES
----------------------------

$$
CCC APR 15
