000
CDUS43 KFGF 032152
CLIFGF


CLIMATE REPORT
NATIONAL WEATHER SERVICE EASTERN NORTH DAKOTA/GRAND FORKS
451 PM CDT SUN MAY 3 2015


...................................

...THE GRAND FORKS UNIV. (NWS) ND CLIMATE SUMMARY FOR MAY 3 2015...
VALID TODAY AS OF 0400 PM LOCAL TIME.

CLIMATE NORMAL PERIOD 1981 TO 2010
CLIMATE RECORD PERIOD 1890 TO 2015


WEATHER ITEM   OBSERVED TIME   RECORD YEAR NORMAL DEPARTURE LAST
                VALUE   (LST)  VALUE       VALUE  FROM      YEAR
                                                  NORMAL
..................................................................
TEMPERATURE (F)
 TODAY
  MAXIMUM         69        MM  91    1952  64      5       46
  MINIMUM         47        MM   5    1967  39      8       31
  AVERAGE         58                        51      7       39

PRECIPITATION (IN)
  TODAY            0.00          1.18 1899   0.06  -0.06      T
  MONTH TO DATE    0.04                      0.18  -0.14     0.02
  SINCE MAR 1      1.06                      2.18  -1.12     3.77
  SINCE JAN 1      1.59                      3.48  -1.89     4.50

SNOWFALL (IN)
  TODAY            0.0           0.7  1954   0.0    0.0      0.0
  MONTH TO DATE    0.0                       0.0    0.0      0.0
  SINCE MAR 1      3.0                       8.0   -5.0     14.6
  SINCE JUL 1     19.3                      43.3  -24.0     60.3
  SNOW DEPTH       0

DEGREE DAYS
 HEATING
  TODAY            7                        14     -7       26
  MONTH TO DATE   12                        43    -31       58
  SINCE MAR 1   1616                      1898   -282     2309
  SINCE JUL 1   8465                      8858   -393    10055

 COOLING
  TODAY            0                         0      0        0
  MONTH TO DATE    2                         0      2        0
  SINCE MAR 1      2                         3     -1        0
  SINCE JAN 1      2                         3     -1        0
..................................................................


WIND (MPH)
  HIGHEST WIND SPEED    MM   HIGHEST WIND DIRECTION    MM
  HIGHEST GUST SPEED    MM   HIGHEST GUST DIRECTION    MM
  AVERAGE WIND SPEED    MM


SKY COVER
  POSSIBLE SUNSHINE  MM
  AVERAGE SKY COVER  MM


WEATHER CONDITIONS
 THE FOLLOWING WEATHER WAS RECORDED TODAY.
  NO SIGNIFICANT WEATHER WAS OBSERVED.


RELATIVE HUMIDITY (PERCENT)
 HIGHEST    MM
 LOWEST     MM
 AVERAGE    MM

..........................................................


THE GRAND FORKS UNIV. (NWS) ND CLIMATE NORMALS FOR TOMORROW
                         NORMAL    RECORD    YEAR
 MAXIMUM TEMPERATURE (F)   64        94      1985
 MINIMUM TEMPERATURE (F)   39        21      1921


SUNRISE AND SUNSET
MAY  3 2015...........SUNRISE   608 AM CDT   SUNSET   844 PM CDT
MAY  4 2015...........SUNRISE   606 AM CDT   SUNSET   845 PM CDT


-  INDICATES NEGATIVE NUMBERS.
R  INDICATES RECORD WAS SET OR TIED.
MM INDICATES DATA IS MISSING.
T  INDICATES TRACE AMOUNT.




$$
