000
CDUS45 KFGZ 260051
CLIFLG
CLIMATE REPORT
NATIONAL WEATHER SERVICE FLAGSTAFF, AZ
551 PM MST SAT APR 25 2015


...................................

...THE FLAGSTAFF AZ AIRPORT CLIMATE SUMMARY FOR APRIL 25 2015...
VALID TODAY AS OF 0500 PM LOCAL TIME.

CLIMATE NORMAL PERIOD 1981 TO 2010
CLIMATE RECORD PERIOD 1898 TO 2015


WEATHER ITEM   OBSERVED TIME   RECORD YEAR NORMAL DEPARTURE LAST
                VALUE   (LST)  VALUE       VALUE  FROM      YEAR
                                                  NORMAL
..................................................................
TEMPERATURE (F)
 TODAY
  MAXIMUM         44    205 PM  78    1996  61    -17       63
  MINIMUM         38    459 PM  13    1961  31      7       31
                                      1960
  AVERAGE         41                        46     -5       47

PRECIPITATION (IN)
  TODAY            0.26          0.36 1994   0.03   0.23     0.00
  MONTH TO DATE    0.75                      1.01  -0.26     0.35
  SINCE SEP 1     16.62                     15.01   1.61     9.30
  SINCE JAN 1      8.79                      7.34   1.45     2.19

SNOWFALL (IN)
  TODAY            0.0           4.1  1994   0.2   -0.2      0.0
  MONTH TO DATE    0.3                       6.2   -5.9      3.6
  SINCE SEP 1     56.5                     100.1  -43.6     38.5
  SNOW DEPTH       0

DEGREE DAYS
 HEATING
  TODAY           24                        19      5       18
  MONTH TO DATE  552                       558     -6      521
  SINCE JUL 1   5310                      6265   -955     5883

 COOLING
  TODAY            0                         0      0        0
  MONTH TO DATE    0                         0      0        0
  SINCE JAN 1      0                         0      0        0
..................................................................


WIND (MPH)
  HIGHEST WIND SPEED    29   HIGHEST WIND DIRECTION    SW (220)
  HIGHEST GUST SPEED    39   HIGHEST GUST DIRECTION     S (200)
  AVERAGE WIND SPEED    12.5


SKY COVER
  POSSIBLE SUNSHINE  MM
  AVERAGE SKY COVER 1.0


WEATHER CONDITIONS
 THE FOLLOWING WEATHER WAS RECORDED TODAY.
  RAIN
  LIGHT RAIN
  FOG


RELATIVE HUMIDITY (PERCENT)
 HIGHEST   100          1200 AM
 LOWEST     92           500 AM
 AVERAGE    96

..........................................................


THE FLAGSTAFF AZ AIRPORT CLIMATE NORMALS FOR TOMORROW
                         NORMAL    RECORD    YEAR
 MAXIMUM TEMPERATURE (F)   62        79      1996
 MINIMUM TEMPERATURE (F)   31        17      1984
                                             1972


SUNRISE AND SUNSET
APRIL 25 2015.........SUNRISE   542 AM MST   SUNSET   707 PM MST
APRIL 26 2015.........SUNRISE   541 AM MST   SUNSET   708 PM MST


-  INDICATES NEGATIVE NUMBERS.
R  INDICATES RECORD WAS SET OR TIED.
MM INDICATES DATA IS MISSING.
T  INDICATES TRACE AMOUNT.




$$


&&

-------------------------------------------------------------------
SNOW DEPTH DATA FOR FLAGSTAFF AIRPORT IS REPORTED AT 5 AM MST


-------------------------------------------------------------------
SUPPLEMENTARY CLIMATE DATA FOR NWS BELLEMONT, ARIZONA

SNOW DEPTH (IN) AT 11 AM........................................ 0
WATER EQUIVALENT OF SNOW PACK (IN) AT 11 AM*...................
* ONLY MEASURED IF SNOW DEPTH IS 2.0 INCHES OR GREATER
-------------------------------------------------------------------
