000
CDUS44 KTSA 060800
CLIFSM

CLIMATE REPORT
NATIONAL WEATHER SERVICE TULSA OK
147 AM CDT WED MAY 6 2015


...................................

...THE FORT SMITH ARKANSAS CLIMATE SUMMARY FOR MAY 5 2015...

CLIMATE NORMAL PERIOD 1981 TO 2010
CLIMATE RECORD PERIOD 1882 TO 2015


WEATHER ITEM   OBSERVED TIME   RECORD YEAR NORMAL DEPARTURE LAST
                VALUE   (LST)  VALUE       VALUE  FROM      YEAR
                                                  NORMAL
..................................................................
TEMPERATURE (F)
 YESTERDAY
  MAXIMUM         84    417 PM  93    2014  78      6       93
  MINIMUM         61    340 AM  39    2013  56      5       56
  AVERAGE         73                        67      6       75

PRECIPITATION (IN)
  YESTERDAY        0.00          3.05 1960   0.17  -0.17     0.00
  MONTH TO DATE    0.00                      0.88  -0.88      T
  SINCE MAR 1      8.79                      9.03  -0.24     6.79
  SINCE JAN 1     13.40                     14.60  -1.20     8.56

DEGREE DAYS
 COOLING
  YESTERDAY        8                         4      4       10
  MONTH TO DATE   21                        16      5       18
  SINCE MAR 1     89                        81      8       69
  SINCE JAN 1     89                        82      7       69
..................................................................


WIND (MPH)
  HIGHEST WIND SPEED    20   HIGHEST WIND DIRECTION    SE (120)
  HIGHEST GUST SPEED    29   HIGHEST GUST DIRECTION    SE (150)
  AVERAGE WIND SPEED     8.7


SKY COVER
  POSSIBLE SUNSHINE  MM
  AVERAGE SKY COVER 0.4


WEATHER CONDITIONS
 THE FOLLOWING WEATHER WAS RECORDED YESTERDAY.
  NO SIGNIFICANT WEATHER WAS OBSERVED.


RELATIVE HUMIDITY (PERCENT)
 HIGHEST    84           300 AM
 LOWEST     31           500 PM
 AVERAGE    58

..........................................................


THE FORT SMITH ARKANSAS CLIMATE NORMALS FOR TODAY
                         NORMAL    RECORD    YEAR
 MAXIMUM TEMPERATURE (F)   78        91      2012
                                             2010
                                             1952
 MINIMUM TEMPERATURE (F)   56        40      1944


SUNRISE AND SUNSET
MAY  6 2015...........SUNRISE   621 AM CDT   SUNSET   807 PM CDT
MAY  7 2015...........SUNRISE   620 AM CDT   SUNSET   808 PM CDT


-  INDICATES NEGATIVE NUMBERS.
R  INDICATES RECORD WAS SET OR TIED.
MM INDICATES DATA IS MISSING.
T  INDICATES TRACE AMOUNT.




$$

&&
...........................................................

THE ARKANSAS RIVER AT VAN BUREN

                   OBSERVED      24 HOUR     24 HOUR
                    VALUE        CHANGE      FORECAST

 STAGE (FEET)
  THIS MORNING       19.3         +0.3

MEAN FLOW (CFS)
  TODAY                                        25200
...........................................................
ALL DATA MEASURED AT THE FORT SMITH REGIONAL AIRPORT
