000
CDUS43 KIWX 060525
CLIFWA


CLIMATE REPORT
NATIONAL WEATHER SERVICE NORTHERN INDIANA
123 AM EDT WED MAY 6 2015


...................................

...THE FORT WAYNE CLIMATE SUMMARY FOR MAY 5 2015...

CLIMATE NORMAL PERIOD 1981 TO 2010
CLIMATE RECORD PERIOD 1897 TO 2015


WEATHER ITEM   OBSERVED TIME   RECORD YEAR NORMAL DEPARTURE LAST
                VALUE   (LST)  VALUE       VALUE  FROM      YEAR
                                                  NORMAL
..................................................................
TEMPERATURE (F)
 YESTERDAY
  MAXIMUM         80    428 PM  89    1952  68     12       60
  MINIMUM         54   1159 PM  29    1973  45      9       42
  AVERAGE         67                        57     10       51

PRECIPITATION (IN)
  YESTERDAY        0.27          1.82 2003   0.12   0.15      T
  MONTH TO DATE    0.35                      0.56  -0.21     0.01
  SINCE MAR 1      5.70                      6.79  -1.09     5.90
  SINCE JAN 1      9.47                     11.09  -1.62    12.14

SNOWFALL (IN)
  YESTERDAY        0.0           T    1952   0.0    0.0      0.0
  MONTH TO DATE    0.0                       0.0    0.0      0.0
  SINCE MAR 1      8.6                       5.1    3.5     14.3
  SINCE JUL 1     45.1                      33.5   11.6     76.1
  SNOW DEPTH       0

DEGREE DAYS
 HEATING
  YESTERDAY        0                         9     -9       14
  MONTH TO DATE   16                        47    -31       70
  SINCE MAR 1   1405                      1331     74     1586
  SINCE JUL 1   6554                      5929    625     6839

 COOLING
  YESTERDAY        2                         1      1        0
  MONTH TO DATE    2                         1      1        0
  SINCE MAR 1      2                         9     -7        1
  SINCE JAN 1      2                         9     -7        1
..................................................................


WIND (MPH)
  HIGHEST WIND SPEED    23   HIGHEST WIND DIRECTION     N (10)
  HIGHEST GUST SPEED    27   HIGHEST GUST DIRECTION    NE (30)
  AVERAGE WIND SPEED     7.2


SKY COVER
  AVERAGE SKY COVER 0.9


WEATHER CONDITIONS
 THE FOLLOWING WEATHER WAS RECORDED YESTERDAY.
  HEAVY RAIN
  RAIN
  LIGHT RAIN
  FOG
  HAZE


RELATIVE HUMIDITY (PERCENT)
 HIGHEST   100           300 AM
 LOWEST     45           500 PM
 AVERAGE    73

..........................................................


THE FORT WAYNE CLIMATE NORMALS FOR TODAY
                         NORMAL    RECORD    YEAR
 MAXIMUM TEMPERATURE (F)   69        88      1959
                                             1949
 MINIMUM TEMPERATURE (F)   46        30      1968


SUNRISE AND SUNSET
MAY  6 2015...........SUNRISE   633 AM EDT   SUNSET   842 PM EDT
MAY  7 2015...........SUNRISE   632 AM EDT   SUNSET   844 PM EDT


-  INDICATES NEGATIVE NUMBERS.
R  INDICATES RECORD WAS SET OR TIED.
MM INDICATES DATA IS MISSING.
T  INDICATES TRACE AMOUNT.




$$
