000
CDUS43 KDDC 242351
CLIGCK


CLIMATE REPORT
NATIONAL WEATHER SERVICE DODGE CITY KS
632 PM CDT FRI APR 24 2015


...................................

...THE GARDEN CITY REGIONAL ARPT KS CLIMATE SUMMARY FOR APRIL 24 2015...
VALID TODAY AS OF 0500 PM LOCAL TIME.

CLIMATE NORMAL PERIOD 1981 TO 2010
CLIMATE RECORD PERIOD 1948 TO 2015


WEATHER ITEM   OBSERVED TIME   RECORD YEAR NORMAL DEPARTURE LAST
                VALUE   (LST)  VALUE       VALUE  FROM      YEAR
                                                  NORMAL
..................................................................
TEMPERATURE (F)
 TODAY
  MAXIMUM         78    229 PM  95    2012  70      8       71
                                      1989
  MINIMUM         54    713 AM  19    2013  42     12       48
  AVERAGE         66                        56     10       60

PRECIPITATION (IN)
  TODAY            0.00          1.42 1980   0.07  -0.07     0.01
  MONTH TO DATE    0.32                      1.32  -1.00     0.45
  SINCE MAR 1      0.64                      2.78  -2.14     0.49
  SINCE JAN 1      1.41                      3.66  -2.25     0.65

DEGREE DAYS
 HEATING
  TODAY            0                        10    -10        5
  MONTH TO DATE  248                       322    -74      296
  SINCE MAR 1    811                       986   -175     1037
  SINCE JUL 1   4719                      5010   -291     5213

 COOLING
  TODAY            1                         1      0        0
  MONTH TO DATE    8                         5      3       13
  SINCE MAR 1      8                         5      3       13
  SINCE JAN 1      8                         5      3       13
..................................................................


WIND (MPH)
  HIGHEST WIND SPEED    29   HIGHEST WIND DIRECTION    SW (230)
  HIGHEST GUST SPEED    37   HIGHEST GUST DIRECTION    SW (240)
  AVERAGE WIND SPEED    14.4



WEATHER CONDITIONS
 THE FOLLOWING WEATHER WAS RECORDED TODAY.
  FOG


RELATIVE HUMIDITY (PERCENT)
 HIGHEST   100           600 AM
 LOWEST     31           300 PM
 AVERAGE    66

..........................................................


THE GARDEN CITY REGIONAL ARPT KS CLIMATE NORMALS FOR TOMORROW
                         NORMAL    RECORD    YEAR
 MAXIMUM TEMPERATURE (F)   70        92      2012
 MINIMUM TEMPERATURE (F)   42        28      1978


SUNRISE AND SUNSET
APRIL 24 2015.........SUNRISE   656 AM CDT   SUNSET   827 PM CDT
APRIL 25 2015.........SUNRISE   654 AM CDT   SUNSET   828 PM CDT


-  INDICATES NEGATIVE NUMBERS.
R  INDICATES RECORD WAS SET OR TIED.
MM INDICATES DATA IS MISSING.
T  INDICATES TRACE AMOUNT.




$$
