000
CDUS45 KGGW 040740
CLIGGW


CLIMATE REPORT
NATIONAL WEATHER SERVICE GLASGOW MT
140 AM MDT MON MAY 4 2015


...................................

...THE GLASGOW MT CLIMATE SUMMARY FOR MAY 3 2015...

CLIMATE NORMAL PERIOD 1981 TO 2010
CLIMATE RECORD PERIOD 1893 TO 2015


WEATHER ITEM   OBSERVED TIME   RECORD YEAR NORMAL DEPARTURE LAST
                VALUE   (LST)  VALUE       VALUE  FROM      YEAR
                                                  NORMAL
..................................................................
TEMPERATURE (F)
 YESTERDAY
  MAXIMUM         63    336 PM  87    1918  64     -1       47
                                      1901
  MINIMUM         34    449 AM  17    1954  38     -4       36
  AVERAGE         49                        51     -2       42

PRECIPITATION (IN)
  YESTERDAY        0.00          1.60 1899   0.04  -0.04     0.04
  MONTH TO DATE    0.00                      0.13  -0.13     0.22
  SINCE OCT 1      4.26                      3.58   0.68     3.66
  SINCE JAN 1      3.00                      2.03   0.97     2.21

SNOWFALL (IN)
  YESTERDAY        0.0           1.3  1991   0.1   -0.1      0.0
  MONTH TO DATE    0.0                       0.2   -0.2      0.0
  SINCE MAR 1      8.1                       6.8    1.3      6.6
  SINCE JUL 1     43.2                      33.8    9.4     30.4
  SNOW DEPTH       0

DEGREE DAYS
 HEATING
  YESTERDAY       16                        14      2       23
  MONTH TO DATE   32                        44    -12       52
  SINCE MAR 1   1373                      1681   -308     1873
  SINCE JUL 1   7457                      8051   -594     8521

 COOLING
  YESTERDAY        0                         0      0        0
  MONTH TO DATE    0                         0      0        0
  SINCE MAR 1      0                         1     -1        0
  SINCE JAN 1      0                         1     -1        0
..................................................................


WIND (MPH)
  HIGHEST WIND SPEED    14   HIGHEST WIND DIRECTION     E (110)
  HIGHEST GUST SPEED    18   HIGHEST GUST DIRECTION    NW (300)
  AVERAGE WIND SPEED     7.2


SKY COVER
  POSSIBLE SUNSHINE  MM
  AVERAGE SKY COVER 0.5


WEATHER CONDITIONS
 THE FOLLOWING WEATHER WAS RECORDED YESTERDAY.
  NO SIGNIFICANT WEATHER WAS OBSERVED.


RELATIVE HUMIDITY (PERCENT)
 HIGHEST    76           400 AM
 LOWEST     22           200 PM
 AVERAGE    49

..........................................................


THE GLASGOW MT CLIMATE NORMALS FOR TODAY
                         NORMAL    RECORD    YEAR
 MAXIMUM TEMPERATURE (F)   65        91      1918
 MINIMUM TEMPERATURE (F)   38        20      2002


SUNRISE AND SUNSET
MAY  4 2015...........SUNRISE   543 AM MDT   SUNSET   824 PM MDT
MAY  5 2015...........SUNRISE   542 AM MDT   SUNSET   826 PM MDT


-  INDICATES NEGATIVE NUMBERS.
R  INDICATES RECORD WAS SET OR TIED.
MM INDICATES DATA IS MISSING.
T  INDICATES TRACE AMOUNT.




$$
