000
CDUS45 KGJT 010946
CLIGJT


CLIMATE REPORT
NATIONAL WEATHER SERVICE GRAND JUNCTION CO
345 AM MDT WED APR 1 2015


...................................

...THE GRAND JUNCTION CO CLIMATE SUMMARY FOR MARCH 31 2015...

CLIMATE NORMAL PERIOD 1981 TO 2010
CLIMATE RECORD PERIOD 1893 TO 2015


WEATHER ITEM   OBSERVED TIME   RECORD YEAR NORMAL DEPARTURE LAST
                VALUE   (LST)  VALUE       VALUE  FROM      YEAR
                                                  NORMAL
..................................................................
TEMPERATURE (F)
 YESTERDAY
  MAXIMUM         77    205 PM  80    2012  61     16       53
  MINIMUM         42    553 AM  16    1980  34      8       25
  AVERAGE         60                        47     13       39

PRECIPITATION (IN)
  YESTERDAY        0.00          0.62 1894   0.03  -0.03     0.00
  MONTH TO DATE    0.27                      0.92  -0.65     0.10
  SINCE MAR 1      0.27                      0.92  -0.65     0.10
  SINCE JAN 1      1.13                      2.04  -0.91     1.48

SNOWFALL (IN)
  YESTERDAY        0.0           3.3  1979   0.1   -0.1      0.0
  MONTH TO DATE    1.9                       2.6   -0.7       T
  SINCE MAR 1      1.9                       2.6   -0.7       T
  SINCE JUL 1     10.5                      18.1   -7.6     25.7
  SNOW DEPTH       0

DEGREE DAYS
 HEATING
  YESTERDAY        5                        18    -13       26
  MONTH TO DATE  523                       653   -130      652
  SINCE MAR 1    523                       653   -130      652
  SINCE JUL 1   4508                      5032   -524     5590

 COOLING
  YESTERDAY        0                         0      0        0
  MONTH TO DATE    0                         0      0        0
  SINCE MAR 1      0                         0      0        0
  SINCE JAN 1      0                         0      0        0
..................................................................


WIND (MPH)
  HIGHEST WIND SPEED    18   HIGHEST WIND DIRECTION    SW (240)
  HIGHEST GUST SPEED    22   HIGHEST GUST DIRECTION     W (250)
  AVERAGE WIND SPEED     7.5


SKY COVER
  POSSIBLE SUNSHINE  MM
  AVERAGE SKY COVER 0.0


WEATHER CONDITIONS
 THE FOLLOWING WEATHER WAS RECORDED YESTERDAY.
  NO SIGNIFICANT WEATHER WAS OBSERVED.


RELATIVE HUMIDITY (PERCENT)
 HIGHEST    43           500 AM
 LOWEST     12           700 PM
 AVERAGE    28

..........................................................


THE GRAND JUNCTION CO CLIMATE NORMALS FOR TODAY
                         NORMAL    RECORD    YEAR
 MAXIMUM TEMPERATURE (F)   61        78      1966
 MINIMUM TEMPERATURE (F)   34        14      1920


SUNRISE AND SUNSET
APRIL  1 2015.........SUNRISE   659 AM MDT   SUNSET   738 PM MDT
APRIL  2 2015.........SUNRISE   657 AM MDT   SUNSET   739 PM MDT


-  INDICATES NEGATIVE NUMBERS.
R  INDICATES RECORD WAS SET OR TIED.
MM INDICATES DATA IS MISSING.
T  INDICATES TRACE AMOUNT.




$$
