000
CDUS45 KMSO 060738
CLIGPI


CLIMATE REPORT
NATIONAL WEATHER SERVICE MISSOULA, MT
138 AM MDT WED MAY 6 2015


...................................

...THE KALISPELL MT CLIMATE SUMMARY FOR MAY 5 2015...

CLIMATE NORMAL PERIOD 1981 TO 2010
CLIMATE RECORD PERIOD 1894 TO 2015


WEATHER ITEM   OBSERVED TIME   RECORD YEAR NORMAL DEPARTURE LAST
                VALUE   (LST)  VALUE       VALUE  FROM      YEAR
                                                  NORMAL
..................................................................
TEMPERATURE (F)
 YESTERDAY
  MAXIMUM         67    309 PM  85    1966  62      5       56
  MINIMUM         32   1158 PM  26    2006  35     -3       34
                                      1965
  AVERAGE         50                        49      1       45

PRECIPITATION (IN)
  YESTERDAY        0.00          0.71 1979   0.05  -0.05     0.11
  MONTH TO DATE    0.00                      0.23  -0.23     0.23
  SINCE OCT 1     11.62                      8.86   2.76    10.73
  SINCE JAN 1      5.54                      4.86   0.68     6.28

SNOWFALL (IN)
  YESTERDAY        0.0
  MONTH TO DATE    0.0
  SINCE JAN 1     32.9
  SINCE JUL 1     59.4
  SNOW DEPTH       0

DEGREE DAYS
 HEATING
  YESTERDAY       15                        16     -1       20
  MONTH TO DATE   71                        85    -14       72
  SINCE MAR 1   1495                      1644   -149     1688
  SINCE JUL 1   6945                      7496   -551     7622

 COOLING
  YESTERDAY        0                         0      0        0
  MONTH TO DATE    0                         0      0        0
  SINCE MAR 1      0                         0      0        0
  SINCE JAN 1      0                         0      0        0
..................................................................


WIND (MPH)
  HIGHEST WIND SPEED    22   HIGHEST WIND DIRECTION     W (270)
  HIGHEST GUST SPEED    27   HIGHEST GUST DIRECTION     W (270)
  AVERAGE WIND SPEED     7.8


SKY COVER
  POSSIBLE SUNSHINE  MM
  AVERAGE SKY COVER 0.5


WEATHER CONDITIONS
 THE FOLLOWING WEATHER WAS RECORDED YESTERDAY.
  NO SIGNIFICANT WEATHER WAS OBSERVED.


RELATIVE HUMIDITY (PERCENT)
 HIGHEST    76           200 AM
 LOWEST     16           500 PM
 AVERAGE    46

..........................................................


THE KALISPELL MT CLIMATE NORMALS FOR TODAY
                         NORMAL    RECORD    YEAR
 MAXIMUM TEMPERATURE (F)   63        82      1992
 MINIMUM TEMPERATURE (F)   35        22      2001


SUNRISE AND SUNSET
MAY  6 2015...........SUNRISE   610 AM MDT   SUNSET   858 PM MDT
MAY  7 2015...........SUNRISE   609 AM MDT   SUNSET   859 PM MDT


-  INDICATES NEGATIVE NUMBERS.
R  INDICATES RECORD WAS SET OR TIED.
MM INDICATES DATA IS MISSING.
T  INDICATES TRACE AMOUNT.




$$
