000
CDUS42 KRAH 040526
CLIGSO


CLIMATE REPORT
NATIONAL WEATHER SERVICE RALEIGH NC
125 AM EDT MON MAY 4 2015


...................................

...THE PIEDMONT TRIAD INTL AIRPORT NC CLIMATE SUMMARY FOR MAY 3 2015...

CLIMATE NORMAL PERIOD 1981 TO 2010
CLIMATE RECORD PERIOD 1903 TO 2015


WEATHER ITEM   OBSERVED TIME   RECORD YEAR NORMAL DEPARTURE LAST
                VALUE   (LST)  VALUE       VALUE  FROM      YEAR
                                                  NORMAL
..................................................................
TEMPERATURE (F)
 YESTERDAY
  MAXIMUM         78    408 PM  92    1959  75      3       75
                                      1910
  MINIMUM         47    421 AM  35    1981  52     -5       51
  AVERAGE         63                        63      0       63

PRECIPITATION (IN)
  YESTERDAY        0.00          3.04 1956   0.11  -0.11     0.00
  MONTH TO DATE    1.16                      0.31   0.85     0.00
  SINCE MAR 1      6.38                      7.61  -1.23     8.66
  SINCE JAN 1     11.06                     13.63  -2.57    14.88

DEGREE DAYS
 HEATING
  YESTERDAY        2                         4     -2        2
  MONTH TO DATE   16                        12      4        8
  SINCE MAR 1    606                       703    -97      818
  SINCE JUL 1   3691                      3558    133     3795

 COOLING
  YESTERDAY        0                         2     -2        0
  MONTH TO DATE    0                         6     -6        3
  SINCE MAR 1     37                        44     -7       23
  SINCE JAN 1     37                        44     -7       23
..................................................................


WIND (MPH)
  HIGHEST WIND SPEED    12   HIGHEST WIND DIRECTION     W (270)
  HIGHEST GUST SPEED    18   HIGHEST GUST DIRECTION    SW (240)
  AVERAGE WIND SPEED     3.5


SKY COVER
  POSSIBLE SUNSHINE  MM
  AVERAGE SKY COVER 0.5


WEATHER CONDITIONS
 THE FOLLOWING WEATHER WAS RECORDED YESTERDAY.
  NO SIGNIFICANT WEATHER WAS OBSERVED.


RELATIVE HUMIDITY (PERCENT)
 HIGHEST    86           400 AM
 LOWEST     29           400 PM
 AVERAGE    58

..........................................................


THE PIEDMONT TRIAD INTL AIRPORT NC CLIMATE NORMALS FOR TODAY
                         NORMAL    RECORD    YEAR
 MAXIMUM TEMPERATURE (F)   75        94      1928
 MINIMUM TEMPERATURE (F)   52        33      1986


SUNRISE AND SUNSET
MAY  4 2015...........SUNRISE   624 AM EDT   SUNSET   809 PM EDT
MAY  5 2015...........SUNRISE   623 AM EDT   SUNSET   810 PM EDT


-  INDICATES NEGATIVE NUMBERS.
R  INDICATES RECORD WAS SET OR TIED.
MM INDICATES DATA IS MISSING.
T  INDICATES TRACE AMOUNT.




$$
