000
CDUS41 KGYX 280801
CLIGYX


CLIMATE REPORT
NATIONAL WEATHER SERVICE GRAY ME
401 AM EDT TUE APR 28 2015


...................................

...THE GRAY ME CLIMATE SUMMARY FOR APRIL 27 2015...

CLIMATE NORMAL PERIOD 1981 TO 2010
CLIMATE RECORD PERIOD 1995 TO 2015


WEATHER ITEM   OBSERVED TIME   RECORD YEAR NORMAL DEPARTURE LAST
                VALUE   (LST)  VALUE       VALUE  FROM      YEAR
                                                  NORMAL
..................................................................
TEMPERATURE (F)
 YESTERDAY
  MAXIMUM         54        MM  MM      MM  59     -5       51
  MINIMUM         40        MM  MM      MM  39      1       36
  AVERAGE         47                        49     -2       44

PRECIPITATION (IN)
  YESTERDAY        0.11         MM      MM   0.14  -0.03     0.08
  MONTH TO DATE    3.49                      3.94  -0.45     2.85
  SINCE MAR 1      5.01                      8.11  -3.10     6.73
  SINCE JAN 1     10.98                     14.95  -3.97    13.72

SNOWFALL (IN)
  YESTERDAY        0.0          MM      MM   0.0    0.0      0.0
  MONTH TO DATE    3.0                       4.7   -1.7      1.2
  SINCE MAR 1      8.2                      24.6  -16.4      8.9
  SINCE JUL 1    107.3                      83.7   23.6     83.0
  SNOW DEPTH       0

DEGREE DAYS
 HEATING
  YESTERDAY       18                        16      2       21
  MONTH TO DATE  577                       577      0      599
  SINCE MAR 1   1712                      1570    142     1825
  SINCE JUL 1   7188                      6728    460     7235

 COOLING
  YESTERDAY        0                         0      0        0
  MONTH TO DATE    0                         0      0        0
  SINCE MAR 1      0                         0      0        0
  SINCE JAN 1      0                         0      0        0
..................................................................







THE GRAY ME CLIMATE NORMALS FOR TODAY
                         NORMAL
 MAXIMUM TEMPERATURE (F)   59
 MINIMUM TEMPERATURE (F)   40


SUNRISE AND SUNSET
APRIL 28 2015.........SUNRISE   538 AM EDT   SUNSET   740 PM EDT
APRIL 29 2015.........SUNRISE   536 AM EDT   SUNSET   741 PM EDT


-  INDICATES NEGATIVE NUMBERS.
R  INDICATES RECORD WAS SET OR TIED.
MM INDICATES DATA IS MISSING.
T  INDICATES TRACE AMOUNT.




$$
