000
CDHW40 PHFO 020232
CLIHNL


CLIMATE REPORT
NATIONAL WEATHER SERVICE HONOLULU HI
432 PM HST WED APR 1 2015


...................................

...THE HONOLULU HI CLIMATE SUMMARY FOR APRIL 1 2015...
VALID TODAY AS OF 0400 PM LOCAL TIME.

CLIMATE NORMAL PERIOD 1981 TO 2010
CLIMATE RECORD PERIOD 1946 TO 2015


WEATHER ITEM   OBSERVED TIME   RECORD YEAR NORMAL DEPARTURE LAST
                VALUE   (LST)  VALUE       VALUE  FROM      YEAR
                                                  NORMAL
..................................................................
TEMPERATURE (F)
 TODAY
  MAXIMUM         80    313 PM  87    2004  82     -2       85
                                      1974
  MINIMUM         68    708 AM  62    2013  69     -1       74
                                      2002
  AVERAGE         74                        76     -2       80

PRECIPITATION (IN)
  TODAY            0.00          0.38 2006   0.04  -0.04     0.03
  MONTH TO DATE    0.00                      0.04  -0.04     0.03
  SINCE MAR 1      0.62                      2.06  -1.44     2.64
  SINCE JAN 1      2.42                      6.36  -3.94     6.32

SNOWFALL (IN)
  TODAY            0.0
  MONTH TO DATE    0.0
  SINCE MAR 1      0.0
  SINCE JUL 1      0.0
  SNOW DEPTH       0

DEGREE DAYS
 HEATING
  TODAY            0                         0      0        0
  MONTH TO DATE    0                         0      0        0
  SINCE MAR 1      0                         0      0        0
  SINCE JUL 1      0                         0      0        0

 COOLING
  TODAY            9                        11     -2       15
  MONTH TO DATE    9                        11     -2       15
  SINCE MAR 1    285                       304    -19      324
  SINCE JAN 1    795                       786      9      843
..................................................................


WIND (MPH)
  HIGHEST WIND SPEED    18   HIGHEST WIND DIRECTION     E (70)
  HIGHEST GUST SPEED    24   HIGHEST GUST DIRECTION    NE (60)
  AVERAGE WIND SPEED     8.6


SKY COVER
  POSSIBLE SUNSHINE  MM
  AVERAGE SKY COVER 0.6


WEATHER CONDITIONS
 THE FOLLOWING WEATHER WAS RECORDED TODAY.
  LIGHT RAIN


RELATIVE HUMIDITY (PERCENT)
 HIGHEST   100           100 AM
 LOWEST     62          1100 AM
 AVERAGE    81

..........................................................


THE HONOLULU HI CLIMATE NORMALS FOR TOMORROW
                         NORMAL    RECORD    YEAR
 MAXIMUM TEMPERATURE (F)   82        87      1996
                                             1983
 MINIMUM TEMPERATURE (F)   69        61      2013


SUNRISE AND SUNSET
APRIL  1 2015.........SUNRISE   625 AM HST   SUNSET   647 PM HST
APRIL  2 2015.........SUNRISE   624 AM HST   SUNSET   647 PM HST


-  INDICATES NEGATIVE NUMBERS.
R  INDICATES RECORD WAS SET OR TIED.
MM INDICATES DATA IS MISSING.
T  INDICATES TRACE AMOUNT.




$$
