000
CDUS46 KSEW 050832
CLIHQM


CLIMATE REPORT
NATIONAL WEATHER SERVICE SEATTLE WA
132 AM PDT TUE MAY 5 2015


...................................

...THE HOQUIAM WA AIRPORT CLIMATE SUMMARY FOR MAY 4 2015...

CLIMATE NORMAL PERIOD 1981 TO 2010
CLIMATE RECORD PERIOD 1953 TO 2015


WEATHER ITEM   OBSERVED TIME   RECORD YEAR NORMAL DEPARTURE LAST
                VALUE   (LST)  VALUE       VALUE  FROM      YEAR
                                                  NORMAL
..................................................................
TEMPERATURE (F)
 YESTERDAY
  MAXIMUM         57   1254 PM  83    2013  58     -1       56
  MINIMUM         50   1159 PM  35    1955  44      6       51
  AVERAGE         54                        51      3       54

PRECIPITATION (IN)
  YESTERDAY        0.03          1.17 1979   0.13  -0.10     1.11
  MONTH TO DATE    0.03                      0.50  -0.47     2.33
  SINCE OCT 1     57.28                     57.79  -0.51    49.38
  SINCE JAN 1     25.86                     30.13  -4.27    37.27

DEGREE DAYS
 HEATING
  YESTERDAY       11                        14     -3       11
  MONTH TO DATE   51                        56     -5       32
  SINCE MAR 1    986                      1134   -148     1014

 COOLING
  YESTERDAY        0                         0      0        0
  MONTH TO DATE    0                         0      0        4
  SINCE MAR 1      0                         0      0        8
  SINCE JAN 1      0                         0      0        8
..................................................................


WIND (MPH)
  RESULTANT WIND SPEED   8   RESULTANT WIND DIRECTION  SW (210)
  HIGHEST WIND SPEED    22   HIGHEST WIND DIRECTION     S (200)
  HIGHEST GUST SPEED    26   HIGHEST GUST DIRECTION     S (200)
  AVERAGE WIND SPEED    10.1


SKY COVER
  AVERAGE SKY COVER 0.9


WEATHER CONDITIONS
 THE FOLLOWING WEATHER WAS RECORDED YESTERDAY.
  LIGHT RAIN
  FOG


RELATIVE HUMIDITY (PERCENT)
 HIGHEST    93           800 PM
 LOWEST     61          1100 AM
 AVERAGE    77

..........................................................


THE HOQUIAM WA AIRPORT CLIMATE NORMALS FOR TODAY
                         NORMAL    RECORD    YEAR
 MAXIMUM TEMPERATURE (F)   58        87      2013
 MINIMUM TEMPERATURE (F)   44        32      2010


SUNRISE AND SUNSET
MAY  5 2015...........SUNRISE   554 AM PDT   SUNSET   831 PM PDT
MAY  6 2015...........SUNRISE   553 AM PDT   SUNSET   833 PM PDT


-  INDICATES NEGATIVE NUMBERS.
R  INDICATES RECORD WAS SET OR TIED.
MM INDICATES DATA IS MISSING.
T  INDICATES TRACE AMOUNT.




$$
