000
CDUS44 KLZK 250911
CLIHRO


CLIMATE REPORT
NATIONAL WEATHER SERVICE LITTLE ROCK AR
411 AM CDT SAT APR 25 2015


...................................

...THE HARRISON CLIMATE SUMMARY FOR APRIL 24 2015...

CLIMATE NORMAL PERIOD 1981 TO 2010
CLIMATE RECORD PERIOD 1891 TO 2015


WEATHER ITEM   OBSERVED TIME   RECORD YEAR NORMAL DEPARTURE LAST
                VALUE   (LST)  VALUE       VALUE  FROM      YEAR
                                                  NORMAL
..................................................................
TEMPERATURE (F)
 YESTERDAY
  MAXIMUM         61   1159 PM  89    1989  71    -10       74
  MINIMUM         46    653 AM  27    1910  50     -4       53
  AVERAGE         54                        60     -6       64

PRECIPITATION (IN)
  YESTERDAY        0.50          2.99 2006   0.17   0.33     0.03
  MONTH TO DATE    2.76                      3.34  -0.58     2.58
  SINCE MAR 1      8.70                      7.13   1.57     7.02
  SINCE JAN 1     12.24                     12.33  -0.09     8.97

SNOWFALL (IN)
  YESTERDAY        0.0          MM      MM   0.0    0.0      0.0
  MONTH TO DATE    0.0                       0.3   -0.3      0.0
  SINCE MAR 1      4.3                       2.3    2.0     10.0
  SINCE JUL 1     13.6                      11.5    2.1     25.8
  SNOW DEPTH       0

DEGREE DAYS
 HEATING
  YESTERDAY       11                         6      5        1
  MONTH TO DATE  160                       210    -50      184
  SINCE MAR 1    666                       718    -52      801
  SINCE JUL 1   4061                      3890    171     4336

 COOLING
  YESTERDAY        0                         1     -1        0
  MONTH TO DATE   17                        24     -7       14
  SINCE MAR 1     21                        30     -9       14
  SINCE JAN 1     21                        30     -9       14
..................................................................


WIND (MPH)
  HIGHEST WIND SPEED    21   HIGHEST WIND DIRECTION    SE (150)
  HIGHEST GUST SPEED    26   HIGHEST GUST DIRECTION    SE (140)
  AVERAGE WIND SPEED    12.0


SKY COVER
  POSSIBLE SUNSHINE  MM
  AVERAGE SKY COVER 0.7


WEATHER CONDITIONS
 THE FOLLOWING WEATHER WAS RECORDED YESTERDAY.
  THUNDERSTORM
  HEAVY RAIN
  LIGHT RAIN
  FOG


RELATIVE HUMIDITY (PERCENT)
 HIGHEST    90           900 PM
 LOWEST     54           500 AM
 AVERAGE    72

..........................................................


THE HARRISON CLIMATE NORMALS FOR TODAY
                         NORMAL    RECORD    YEAR
 MAXIMUM TEMPERATURE (F)   71        88      1939
 MINIMUM TEMPERATURE (F)   50        23      1910


SUNRISE AND SUNSET
APRIL 25 2015.........SUNRISE   627 AM CDT   SUNSET   755 PM CDT
APRIL 26 2015.........SUNRISE   626 AM CDT   SUNSET   756 PM CDT


-  INDICATES NEGATIVE NUMBERS.
R  INDICATES RECORD WAS SET OR TIED.
MM INDICATES DATA IS MISSING.
T  INDICATES TRACE AMOUNT.




$$
