000
CDUS42 KMHX 252139
CLIHSE


CLIMATE REPORT
NATIONAL WEATHER SERVICE NEWPORT/MOREHEAD CITY NC
537 PM EDT SAT APR 25 2015


...................................

...THE CAPE HATTERAS NC CLIMATE SUMMARY FOR APRIL 25 2015...
VALID TODAY AS OF 0500 PM LOCAL TIME.

CLIMATE NORMAL PERIOD 1981 TO 2010
CLIMATE RECORD PERIOD 1874 TO 2015


WEATHER ITEM   OBSERVED TIME   RECORD YEAR NORMAL DEPARTURE LAST
                VALUE   (LST)  VALUE       VALUE  FROM      YEAR
                                                  NORMAL
..................................................................
TEMPERATURE (F)
 TODAY
  MAXIMUM         63    128 PM  84    1990  69     -6       74
  MINIMUM         48   1200 AM  40    1969  55     -7       48
                                      1967
  AVERAGE         56                        62     -6       61

PRECIPITATION (IN)
  TODAY            T             2.25 2003   0.12  -0.12     0.09
  MONTH TO DATE    1.75                      3.11  -1.36     4.42
  SINCE MAR 1      4.30                      7.88  -3.58     9.90
  SINCE JAN 1     16.25                     17.14  -0.89    19.99

SNOWFALL (IN)
  TODAY            0.0
  MONTH TO DATE    0.0
  SINCE NOV 1      2.0
  SINCE JUL 1      2.0
  SNOW DEPTH       0

DEGREE DAYS
 HEATING
  TODAY            9                         4      5        4
  MONTH TO DATE  109                       172    -63      186
  SINCE MAR 1    529                       591    -62      689
  SINCE JUL 1   2702                      2515    187     2522

 COOLING
  TODAY            0                         1     -1        0
  MONTH TO DATE   16                        16      0       11
  SINCE MAR 1     17                        19     -2       11
  SINCE JAN 1     19                        19      0       11
..................................................................


WIND (MPH)
  HIGHEST WIND SPEED    13   HIGHEST WIND DIRECTION    SW (240)
  HIGHEST GUST SPEED    20   HIGHEST GUST DIRECTION    SW (230)
  AVERAGE WIND SPEED     7.6


SKY COVER
  POSSIBLE SUNSHINE  MM
  AVERAGE SKY COVER 0.5


WEATHER CONDITIONS
 THE FOLLOWING WEATHER WAS RECORDED TODAY.
  LIGHT RAIN


RELATIVE HUMIDITY (PERCENT)
 HIGHEST    78           300 PM
 LOWEST     55           100 AM
 AVERAGE    67

..........................................................


THE CAPE HATTERAS NC CLIMATE NORMALS FOR TOMORROW
                         NORMAL    RECORD    YEAR
 MAXIMUM TEMPERATURE (F)   69        86      1994
 MINIMUM TEMPERATURE (F)   55        36      1974


SUNRISE AND SUNSET
APRIL 25 2015.........SUNRISE   618 AM EDT   SUNSET   743 PM EDT
APRIL 26 2015.........SUNRISE   617 AM EDT   SUNSET   744 PM EDT


-  INDICATES NEGATIVE NUMBERS.
R  INDICATES RECORD WAS SET OR TIED.
MM INDICATES DATA IS MISSING.
T  INDICATES TRACE AMOUNT.




$$
