000
CDUS43 KGID 060714
CLIHSI


CLIMATE REPORT
NATIONAL WEATHER SERVICE HASTINGS NE
214 AM CDT WED MAY 6 2015


...................................

...THE HASTINGS NE CLIMATE SUMMARY FOR MAY 5 2015...

CLIMATE NORMAL PERIOD 1981 TO 2010
CLIMATE RECORD PERIOD 1894 TO 2015


WEATHER ITEM   OBSERVED TIME   RECORD YEAR NORMAL DEPARTURE LAST
                VALUE   (LST)  VALUE       VALUE  FROM      YEAR
                                                  NORMAL
..................................................................
TEMPERATURE (F)
 YESTERDAY
  MAXIMUM         76    240 PM  94    1909  69      7       75
  MINIMUM         55   1223 AM  29    1944  46      9       45
  AVERAGE         66                        57      9       60

PRECIPITATION (IN)
  YESTERDAY        0.06          1.72 1960   0.16  -0.10     0.00
  MONTH TO DATE    0.19                      0.80  -0.61     0.00
  SINCE MAR 1      3.94                      5.15  -1.21     4.08
  SINCE JAN 1      5.05                      6.05  -1.00     4.79

SNOWFALL (IN)
  YESTERDAY        0.0           T    2002   0.0    0.0      0.0
  MONTH TO DATE    0.0                       0.0    0.0      0.0
  SINCE MAR 1      0.8                       6.4   -5.6      3.4
  SINCE JUL 1     17.0                      28.8  -11.8     21.7
  SNOW DEPTH       0

DEGREE DAYS
 HEATING
  YESTERDAY        0                         8     -8        5
  MONTH TO DATE    6                        44    -38       41
  SINCE MAR 1    997                      1253   -256     1304
  SINCE JUL 1   5620                      5883   -263     6184

 COOLING
  YESTERDAY        1                         1      0        0
  MONTH TO DATE   18                         3     15        0
  SINCE MAR 1     22                         8     14        8
  SINCE JAN 1     22                         8     14        8
..................................................................


WIND (MPH)
  HIGHEST WIND SPEED    24   HIGHEST WIND DIRECTION    SE (150)
  HIGHEST GUST SPEED    32   HIGHEST GUST DIRECTION    SE (150)
  AVERAGE WIND SPEED    10.0


SKY COVER
  AVERAGE SKY COVER 0.8


WEATHER CONDITIONS
 THE FOLLOWING WEATHER WAS RECORDED YESTERDAY.
  LIGHT RAIN
  FOG
  FOG W/VISIBILITY <= 1/4 MILE


RELATIVE HUMIDITY (PERCENT)
 HIGHEST   100          1200 AM
 LOWEST     44           500 PM
 AVERAGE    72

..........................................................


THE HASTINGS NE CLIMATE NORMALS FOR TODAY
                         NORMAL    RECORD    YEAR
 MAXIMUM TEMPERATURE (F)   69        98      1916
 MINIMUM TEMPERATURE (F)   47        25      1944


SUNRISE AND SUNSET
MAY  6 2015...........SUNRISE   627 AM CDT   SUNSET   835 PM CDT
MAY  7 2015...........SUNRISE   626 AM CDT   SUNSET   836 PM CDT


-  INDICATES NEGATIVE NUMBERS.
R  INDICATES RECORD WAS SET OR TIED.
MM INDICATES DATA IS MISSING.
T  INDICATES TRACE AMOUNT.




$$
