000
CDUS41 KCAR 270550
CLIHUL


CLIMATE REPORT
NATIONAL WEATHER SERVICE CARIBOU, ME
149 AM EDT MON APR 27 2015


...................................

...THE HOULTON ME CLIMATE SUMMARY FOR APRIL 26 2015...

CLIMATE NORMAL PERIOD 1981 TO 2010
CLIMATE RECORD PERIOD 1948 TO 2015


WEATHER ITEM   OBSERVED TIME   RECORD YEAR NORMAL DEPARTURE LAST
                VALUE   (LST)  VALUE       VALUE  FROM      YEAR
                                                  NORMAL
..................................................................
TEMPERATURE (F)
 YESTERDAY
  MAXIMUM         51    233 PM  76    1982  56     -5       52
  MINIMUM         29    154 AM  17    1972  32     -3       25
  AVERAGE         40                        44     -4       39

PRECIPITATION (IN)
  YESTERDAY        0.09          1.00 1951   0.13  -0.04      T
  MONTH TO DATE    2.42                      3.33  -0.91     3.41
  SINCE MAR 1      3.13                      5.92  -2.79     5.89
  SINCE JAN 1      5.23                     10.78  -5.55    11.47

SNOWFALL (IN)
  YESTERDAY       MM             3.8  1976   0.0   MM       MM
  MONTH TO DATE   MM                         5.7   MM       MM
  SINCE MAR 1     MM                        23.5   MM       MM
  SINCE JUL 1     MM                        89.1   MM       MM
  SNOW DEPTH      MM

DEGREE DAYS
 HEATING
  YESTERDAY       25                        21      4       26
  MONTH TO DATE  754                       697     57      706
  SINCE MAR 1   2150                      1920    230     2207
  SINCE JUL 1   8718                      8493    225     8797

 COOLING
  YESTERDAY        0                         0      0        0
  MONTH TO DATE    0                         0      0        0
  SINCE MAR 1      0                         0      0        0
  SINCE JAN 1      0                         0      0        0
..................................................................


WIND (MPH)
  HIGHEST WIND SPEED    18   HIGHEST WIND DIRECTION     N (360)
  HIGHEST GUST SPEED    22   HIGHEST GUST DIRECTION     N (10)
  AVERAGE WIND SPEED     5.5


SKY COVER
  POSSIBLE SUNSHINE  MM
  AVERAGE SKY COVER 1.0


WEATHER CONDITIONS
 THE FOLLOWING WEATHER WAS RECORDED YESTERDAY.
  LIGHT RAIN
  FOG


RELATIVE HUMIDITY (PERCENT)
 HIGHEST   100           200 AM
 LOWEST     52           300 PM
 AVERAGE    76

..........................................................


THE HOULTON ME CLIMATE NORMALS FOR TODAY
                         NORMAL    RECORD    YEAR
 MAXIMUM TEMPERATURE (F)   56        86      1970
 MINIMUM TEMPERATURE (F)   33        18      1966


SUNRISE AND SUNSET
APRIL 27 2015.........SUNRISE   525 AM EDT   SUNSET   734 PM EDT
APRIL 28 2015.........SUNRISE   523 AM EDT   SUNSET   735 PM EDT


-  INDICATES NEGATIVE NUMBERS.
R  INDICATES RECORD WAS SET OR TIED.
MM INDICATES DATA IS MISSING.
T  INDICATES TRACE AMOUNT.




$$
