000
CDUS41 KCTP 030627
CLIIPT


CLIMATE REPORT
NATIONAL WEATHER SERVICE STATE COLLEGE PA
226 AM EDT SUN MAY 3 2015


...................................

...THE WILLIAMSPORT PA CLIMATE SUMMARY FOR MAY 2 2015...

CLIMATE NORMAL PERIOD 1981 TO 2010
CLIMATE RECORD PERIOD 1895 TO 2015


WEATHER ITEM   OBSERVED TIME   RECORD YEAR NORMAL DEPARTURE LAST
                VALUE   (LST)  VALUE       VALUE  FROM      YEAR
                                                  NORMAL
..................................................................
TEMPERATURE (F)
 YESTERDAY
  MAXIMUM         78    416 PM  88    2001  67     11       61
                                      1992
  MINIMUM         45    548 AM  30    1903  44      1       40
  AVERAGE         62                        56      6       51

PRECIPITATION (IN)
  YESTERDAY        0.00          1.36 2004   0.11  -0.11     0.00
  MONTH TO DATE    T                         0.22  -0.22     0.14
  SINCE MAR 1      6.56                      6.43   0.13     5.90
  SINCE JAN 1      9.35                     11.47  -2.12     9.70

SNOWFALL (IN)
  YESTERDAY        0.0           0.0  2002   0.0    0.0      0.0
                                      2001
  MONTH TO DATE    0.0                       0.0    0.0      0.0
  SINCE MAR 1     11.4                       8.0    3.4      0.1
  SINCE JUL 1     44.4                      36.0    8.4     45.9
  SNOW DEPTH       0

DEGREE DAYS
 HEATING
  YESTERDAY        3                        10     -7       14
  MONTH TO DATE   12                        20     -8       21
  SINCE MAR 1   1436                      1308    128     1504
  SINCE JUL 1   6073                      5775    298     6336

 COOLING
  YESTERDAY        0                         0      0        0
  MONTH TO DATE    0                         0      0        0
  SINCE MAR 1      0                         5     -5        9
  SINCE JAN 1      0                         5     -5        9
..................................................................


WIND (MPH)
  HIGHEST WIND SPEED    13   HIGHEST WIND DIRECTION    NW (330)
  HIGHEST GUST SPEED    17   HIGHEST GUST DIRECTION    NW (330)
  AVERAGE WIND SPEED     4.1


SKY COVER
  POSSIBLE SUNSHINE  MM
  AVERAGE SKY COVER 0.3


WEATHER CONDITIONS
 THE FOLLOWING WEATHER WAS RECORDED YESTERDAY.
  NO SIGNIFICANT WEATHER WAS OBSERVED.


RELATIVE HUMIDITY (PERCENT)
 HIGHEST    93           400 AM
 LOWEST     19           400 PM
 AVERAGE    56

..........................................................


THE WILLIAMSPORT PA CLIMATE NORMALS FOR TODAY
                         NORMAL    RECORD    YEAR
 MAXIMUM TEMPERATURE (F)   68        92      2001
 MINIMUM TEMPERATURE (F)   44        30      2005
                                             1966
                                             1941


SUNRISE AND SUNSET
MAY  3 2015...........SUNRISE   603 AM EDT   SUNSET   807 PM EDT
MAY  4 2015...........SUNRISE   602 AM EDT   SUNSET   808 PM EDT


-  INDICATES NEGATIVE NUMBERS.
R  INDICATES RECORD WAS SET OR TIED.
MM INDICATES DATA IS MISSING.
T  INDICATES TRACE AMOUNT.




$$
