000
CDUS43 KEAX 182123
CLIIRK


CLIMATE REPORT
NATIONAL WEATHER SERVICE KANSAS CITY/PLEASANT HILL MO
423 PM CDT SAT APR 18 2015


...................................

...THE KIRKSVILLE MO CLIMATE SUMMARY FOR APRIL 18 2015...
VALID AS OF 0400 PM LOCAL TIME.

CLIMATE NORMAL PERIOD 1981 TO 2010
CLIMATE RECORD PERIOD 9999 TO 9999


WEATHER ITEM   OBSERVED TIME   NORMAL DEPARTURE LAST
                VALUE   (LST)  VALUE  FROM      YEAR
                                      NORMAL
......................................................
TEMPERATURE (F)
 TODAY
  MAXIMUM         74    125 PM  64     10       67
  MINIMUM         57    438 AM  42     15       29
  AVERAGE         66            53     13       48

PRECIPITATION (IN)
  TODAY            0.57          0.16   0.41     0.00
  MONTH TO DATE    2.27          1.89   0.38     1.25
  SINCE MAR 1      3.09          4.44  -1.35     2.32
  SINCE JAN 1      5.14          7.24  -2.10     5.87

DEGREE DAYS
 HEATING
  TODAY            0            13    -13       17
  MONTH TO DATE  135           276   -141      316
  SINCE MAR 1    821          1030   -209     1218
  SINCE JUL 1   5500          5563    -63     6188

 COOLING
  TODAY            1             0      1        0
  MONTH TO DATE    2             0      2        1
  SINCE MAR 1      3             0      3        1
  SINCE JAN 1      3             0      3        1
......................................................


WIND (MPH)
  HIGHEST WIND SPEED    24   HIGHEST WIND DIRECTION     S (200)
  HIGHEST GUST SPEED    35   HIGHEST GUST DIRECTION    SW (220)
  AVERAGE WIND SPEED     9.3


SKY COVER
  AVERAGE SKY COVER 0.5


WEATHER CONDITIONS
 THE FOLLOWING WEATHER WAS RECORDED TODAY.
  THUNDERSTORM
  HEAVY RAIN
  RAIN
  LIGHT RAIN
  FOG
  HAZE


RELATIVE HUMIDITY (PERCENT)
 HIGHEST    90           700 AM
 LOWEST     64           200 PM
 AVERAGE    77

..........................................................


THE KIRKSVILLE MO CLIMATE NORMALS FOR TOMORROW
                         NORMAL
 MAXIMUM TEMPERATURE (F)   64
 MINIMUM TEMPERATURE (F)   42


SUNRISE AND SUNSET
APRIL 18 2015.........SUNRISE   628 AM CDT   SUNSET   752 PM CDT
APRIL 19 2015.........SUNRISE   627 AM CDT   SUNSET   753 PM CDT


-  INDICATES NEGATIVE NUMBERS.
R  INDICATES RECORD WAS SET OR TIED.
MM INDICATES DATA IS MISSING.
T  INDICATES TRACE AMOUNT.




$$
