000
CDUS43 KGLD 180745 RRA
CLIITR

CLIMATE REPORT
NATIONAL WEATHER SERVICE GOODLAND
143 AM MDT SAT APR 18 2015

...................................

...THE BURLINGTON CO CLIMATE SUMMARY FOR APRIL 17 2015...

CLIMATE NORMAL PERIOD 1981 TO 2010
CLIMATE RECORD PERIOD 1896 TO 2015

WEATHER ITEM   OBSERVED TIME   RECORD YEAR NORMAL DEPARTURE LAST
                VALUE   (LST)  VALUE       VALUE  FROM      YEAR
                                                  NORMAL
..................................................................
TEMPERATURE (F)
 YESTERDAY
  MAXIMUM         63    419 PM  87    1948  63      0       54
  MINIMUM         45   1157 PM  18    1999  34     11       30
  AVERAGE         54                        48      6       42

PRECIPITATION (IN)
  YESTERDAY        0.01                      0.05  -0.04     0.00
  MONTH TO DATE    1.55                      0.64   0.91     0.36
  SINCE MAR 1      1.87                      1.53   0.34     0.57
  SINCE JAN 1      3.01                      2.33   0.68     1.27

..................................................................

THE BURLINGTON CO CLIMATE NORMALS FOR TODAY
                         NORMAL    RECORD    YEAR
 MAXIMUM TEMPERATURE (F)   63        88      2004
                                             1948
 MINIMUM TEMPERATURE (F)   34        13      1944

-  INDICATES NEGATIVE NUMBERS.
R  INDICATES RECORD WAS SET OR TIED.
MM INDICATES DATA IS MISSING.
T  INDICATES TRACE AMOUNT.

$$
