000
CDAK47 PAJK 060033
CLIJNU
AKZ025-061200-
CLIMATE REPORT
NATIONAL WEATHER SERVICE JUNEAU, AK
430 PM AKDT TUE MAY 5 2015


...................................

...THE JUNEAU CLIMATE SUMMARY FOR MAY 5 2015...
VALID TODAY AS OF 0300 PM LOCAL TIME.

CLIMATE NORMAL PERIOD 1981 TO 2010
CLIMATE RECORD PERIOD 1943 TO 2015


WEATHER ITEM   OBSERVED TIME   RECORD YEAR NORMAL DEPARTURE LAST
                VALUE   (LST)  VALUE       VALUE  FROM      YEAR
                                                  NORMAL
..................................................................
TEMPERATURE (F)
 TODAY
  MAXIMUM         62    250 PM  69    1956  54      8       63
  MINIMUM         32    441 AM  26    2003  38     -6       33
  AVERAGE         47                        46      1       48

PRECIPITATION (IN)
  TODAY            0.00          1.31 1982   0.10  -0.10     0.00
  MONTH TO DATE    0.24                      0.52  -0.28     0.00
  SINCE MAR 1     11.94                      7.24   4.70     6.12
  SINCE JAN 1     27.54                     16.72  10.82    18.25

DEGREE DAYS
 HEATING
  TODAY           18                        19     -1       17
  MONTH TO DATE   91                        99     -8       64
  SINCE MAR 1   1635                      1790   -155     1807
  SINCE JUL 1   6856                      7627   -771     7448

 COOLING
  TODAY            0                         0      0        0
  MONTH TO DATE    0                         0      0        0
  SINCE MAR 1      0                         0      0        0
  SINCE JAN 1      0                         0      0        0
..................................................................


WIND (MPH)
  HIGHEST WIND SPEED    13   HIGHEST WIND DIRECTION    SW (230)
  HIGHEST GUST SPEED    16   HIGHEST GUST DIRECTION    SW (230)
  AVERAGE WIND SPEED     4.4


SKY COVER
  POSSIBLE SUNSHINE  MM
  AVERAGE SKY COVER 0.4


WEATHER CONDITIONS
 THE FOLLOWING WEATHER WAS RECORDED TODAY.
  NO SIGNIFICANT WEATHER WAS OBSERVED.


RELATIVE HUMIDITY (PERCENT)
 HIGHEST    82           200 AM
 LOWEST     22           100 PM
 AVERAGE    52

..........................................................


THE JUNEAU CLIMATE NORMALS FOR TOMORROW
                         NORMAL    RECORD    YEAR
 MAXIMUM TEMPERATURE (F)   54        75      1981
 MINIMUM TEMPERATURE (F)   38        26      1957


SUNRISE AND SUNSET
MAY  5 2015...........SUNRISE   455 AM AKDT  SUNSET   857 PM AKDT
MAY  6 2015...........SUNRISE   452 AM AKDT  SUNSET   859 PM AKDT


-  INDICATES NEGATIVE NUMBERS.
R  INDICATES RECORD WAS SET OR TIED.
MM INDICATES DATA IS MISSING.
T  INDICATES TRACE AMOUNT.




$$


&&
----------------------------
AMOUNT OF DAYLIGHT TODAY  (HOUR:MIN)........16:03
GAIN/LOSS SINCE YESTERDAY (HOUR:MIN:SEC)....+0:04:40
