000
CDUS43 KIND 260542
CLILAF


CLIMATE REPORT
NATIONAL WEATHER SERVICE INDIANAPOLIS IN
140 AM EDT SUN APR 26 2015


...................................

...THE LAFAYETTE IN CLIMATE SUMMARY FOR APRIL 25 2015...

CLIMATE NORMAL PERIOD 1981 TO 2010
CLIMATE RECORD PERIOD 9999 TO 9999


WEATHER ITEM   OBSERVED TIME   NORMAL DEPARTURE LAST
                VALUE   (LST)  VALUE  FROM      YEAR
                                      NORMAL
......................................................
TEMPERATURE (F)
 YESTERDAY
  MAXIMUM         52    415 AM  66    -14       69
  MINIMUM         43   1159 PM  44     -1       51
  AVERAGE         48            55     -7       60

PRECIPITATION (IN)
  YESTERDAY        0.70          0.13   0.57     0.30
  MONTH TO DATE    2.30          2.90  -0.60     3.86
  SINCE MAR 1      3.08          5.57  -2.49     5.36
  SINCE JAN 1      4.81          9.19  -4.38     8.70

DEGREE DAYS
 HEATING
  YESTERDAY       17            10      7        5
  MONTH TO DATE  314           358    -44      375
  SINCE MAR 1   1199          1109     90     1363
  SINCE JUL 1   6277          5443    834     6325

 COOLING
  YESTERDAY        0             1     -1        0
  MONTH TO DATE    2             7     -5        1
  SINCE MAR 1      2             8     -6        1
  SINCE JAN 1      2             8     -6        1
......................................................


WIND (MPH)
  HIGHEST WIND SPEED    26   HIGHEST WIND DIRECTION     E (70)
  HIGHEST GUST SPEED    33   HIGHEST GUST DIRECTION     E (100)
  AVERAGE WIND SPEED    14.2


SKY COVER
  AVERAGE SKY COVER 1.0


WEATHER CONDITIONS
 THE FOLLOWING WEATHER WAS RECORDED YESTERDAY.
  HEAVY RAIN
  RAIN
  LIGHT RAIN
  FOG


RELATIVE HUMIDITY (PERCENT)
 HIGHEST    93           700 AM
 LOWEST     59          1200 AM
 AVERAGE    76

..........................................................


THE LAFAYETTE IN CLIMATE NORMALS FOR TODAY
                         NORMAL
 MAXIMUM TEMPERATURE (F)   67
 MINIMUM TEMPERATURE (F)   44


SUNRISE AND SUNSET
APRIL 26 2015.........SUNRISE   654 AM EDT   SUNSET   838 PM EDT
APRIL 27 2015.........SUNRISE   653 AM EDT   SUNSET   839 PM EDT


-  INDICATES NEGATIVE NUMBERS.
R  INDICATES RECORD WAS SET OR TIED.
MM INDICATES DATA IS MISSING.
T  INDICATES TRACE AMOUNT.




$$
