000
CDUS45 KCYS 060728
CLILAR


CLIMATE REPORT
NATIONAL WEATHER SERVICE CHEYENNE WY
128 AM MDT WED MAY 6 2015


...................................

...THE LARAMIE WY AIRPORT CLIMATE SUMMARY FOR MAY 5 2015...

CLIMATE NORMAL PERIOD 1981 TO 2010
CLIMATE RECORD PERIOD 1948 TO 2015


WEATHER ITEM   OBSERVED TIME   RECORD YEAR NORMAL DEPARTURE LAST
                VALUE   (LST)  VALUE       VALUE  FROM      YEAR
                                                  NORMAL
..................................................................
TEMPERATURE (F)
 YESTERDAY
  MAXIMUM         56   1259 PM  80    2000  58     -2       68
  MINIMUM         39    522 AM  18    2011  30      9       32
  AVERAGE         48                        44      4       50

PRECIPITATION (IN)
  YESTERDAY        0.00          0.60 1949   0.05  -0.05     0.00
  MONTH TO DATE    0.02                      0.23  -0.21     0.00
  SINCE JAN 1      2.71                      2.49   0.22     2.53

DEGREE DAYS
 HEATING
  YESTERDAY       17                        21     -4       15
  MONTH TO DATE   73                       108    -35       86
  SINCE MAR 1   1735                      1981   -246     1877
  SINCE JUL 1   7412                      8157   -745     7921

 COOLING
  YESTERDAY        0                         0      0        0
  MONTH TO DATE    0                         0      0        0
  SINCE MAR 1      0                         0      0        0
  SINCE JAN 1      0                         0      0        0
..................................................................


WIND (MPH)
  HIGHEST WIND SPEED    32   HIGHEST WIND DIRECTION    SE (140)
  HIGHEST GUST SPEED    38   HIGHEST GUST DIRECTION    SE (140)
  AVERAGE WIND SPEED    18.9


SKY COVER
  AVERAGE SKY COVER 0.4


WEATHER CONDITIONS
 THE FOLLOWING WEATHER WAS RECORDED YESTERDAY.
  FOG


RELATIVE HUMIDITY (PERCENT)
 HIGHEST   100          1200 AM
 LOWEST     59           100 PM
 AVERAGE    80

..........................................................


THE LARAMIE WY AIRPORT CLIMATE NORMALS FOR TODAY
                         NORMAL    RECORD    YEAR
 MAXIMUM TEMPERATURE (F)   58        82      1966
 MINIMUM TEMPERATURE (F)   31        15      1982


SUNRISE AND SUNSET
MAY  6 2015...........SUNRISE   554 AM MDT   SUNSET   805 PM MDT
MAY  7 2015...........SUNRISE   553 AM MDT   SUNSET   806 PM MDT


-  INDICATES NEGATIVE NUMBERS.
R  INDICATES RECORD WAS SET OR TIED.
MM INDICATES DATA IS MISSING.
T  INDICATES TRACE AMOUNT.




$$
