000
CDUS43 KLBF 050931
CLILBF

CLIMATE REPORT
NATIONAL WEATHER SERVICE NORTH PLATTE
430 AM CDT TUE MAY 5 2015


...................................

...THE NORTH PLATTE NE CLIMATE SUMMARY FOR MAY 4 2015...

CLIMATE NORMAL PERIOD 1981 TO 2010
CLIMATE RECORD PERIOD 1874 TO 2015


WEATHER ITEM   OBSERVED TIME   RECORD YEAR NORMAL DEPARTURE LAST
                VALUE   (LST)  VALUE       VALUE  FROM      YEAR
                                                  NORMAL
..................................................................
TEMPERATURE (F)
 YESTERDAY
  MAXIMUM         60   1207 PM  93    1952  68     -8       66
  MINIMUM         49    157 PM  23    2013  40      9       42
  AVERAGE         55                        54      1       54

PRECIPITATION (IN)
  YESTERDAY        0.12          1.25 1985   0.10   0.02     0.00
  MONTH TO DATE    0.32                      0.37  -0.05      T
  SINCE MAR 1      3.34                      3.69  -0.35     1.43
  SINCE JAN 1      4.08                      4.53  -0.45     2.48

SNOWFALL (IN)
  YESTERDAY        0.0           0.3  1967   0.0    0.0      0.0
                                      1908
  MONTH TO DATE    0.0                       0.0    0.0      0.0
  SINCE MAR 1      2.4                       7.6   -5.2      7.4
  SINCE JUL 1     21.3                      28.5   -7.2     29.8
  SNOW DEPTH       0

DEGREE DAYS
 HEATING
  YESTERDAY       10                        11     -1       11
  MONTH TO DATE   16                        47    -31       58
  SINCE MAR 1   1111                      1409   -298     1434
  SINCE JUL 1   6000                      6437   -437     6625

 COOLING
  YESTERDAY        0                         0      0        0
  MONTH TO DATE    0                         0      0        0
  SINCE MAR 1      2                         3     -1        2
  SINCE JAN 1      2                         3     -1        2
..................................................................


WIND (MPH)
  HIGHEST WIND SPEED    21   HIGHEST WIND DIRECTION     E (110)
  HIGHEST GUST SPEED    25   HIGHEST GUST DIRECTION     E (110)
  AVERAGE WIND SPEED     9.3


SKY COVER
  POSSIBLE SUNSHINE  MM
  AVERAGE SKY COVER 0.7


WEATHER CONDITIONS
 THE FOLLOWING WEATHER WAS RECORDED YESTERDAY.
  LIGHT RAIN
  FOG


RELATIVE HUMIDITY (PERCENT)
 HIGHEST    89          1000 PM
 LOWEST     35          1200 PM
 AVERAGE    62

..........................................................


THE NORTH PLATTE NE CLIMATE NORMALS FOR TODAY
                         NORMAL    RECORD    YEAR
 MAXIMUM TEMPERATURE (F)   69        95      2004
 MINIMUM TEMPERATURE (F)   40        22      2013


SUNRISE AND SUNSET
MAY  5 2015...........SUNRISE   636 AM CDT   SUNSET   844 PM CDT
MAY  6 2015...........SUNRISE   635 AM CDT   SUNSET   845 PM CDT


-  INDICATES NEGATIVE NUMBERS.
R  INDICATES RECORD WAS SET OR TIED.
MM INDICATES DATA IS MISSING.
T  INDICATES TRACE AMOUNT.

$$
