000
CDUS44 KLCH 180926
CLILFT


CLIMATE REPORT
NATIONAL WEATHER SERVICE LAKE CHARLES, LA
426 AM CDT SAT APR 18 2015


...................................

...THE LAFAYETTE CLIMATE SUMMARY FOR APRIL 17 2015...

CLIMATE NORMAL PERIOD 1981 TO 2010
CLIMATE RECORD PERIOD 1893 TO 2015


WEATHER ITEM   OBSERVED TIME   RECORD YEAR NORMAL DEPARTURE LAST
                VALUE   (LST)  VALUE       VALUE  FROM      YEAR
                                                  NORMAL
..................................................................
TEMPERATURE (F)
 YESTERDAY
  MAXIMUM         83    308 PM  93    2006  80      3       64
  MINIMUM         67    611 AM  41    1928  59      8       47
  AVERAGE         75                        69      6       56

PRECIPITATION (IN)
  YESTERDAY        0.31          3.33 1900   0.14   0.17     0.00
  MONTH TO DATE    6.92                      2.11   4.81     1.89
  SINCE MAR 1     10.84                      5.90   4.94     4.74
  SINCE JAN 1     17.94                     16.02   1.92    11.99

SNOWFALL (IN)
  YESTERDAY        0.0           0.0    MM   0.0    0.0      0.0
  MONTH TO DATE    0.0                       0.0    0.0      0.0
  SINCE MAR 1      T                         0.0    0.0      0.0
  SINCE JUL 1      T                         T      0.0      0.8
  SNOW DEPTH       0

DEGREE DAYS
 HEATING
  YESTERDAY        0                         1     -1        9
  MONTH TO DATE    2                        32    -30       54
  SINCE MAR 1     85                       182    -97      289
  SINCE JUL 1   1528                      1412    116     1949

 COOLING
  YESTERDAY       10                         5      5        0
  MONTH TO DATE  118                        73     45       43
  SINCE MAR 1    208                       136     72       67
  SINCE JAN 1    213                       168     45       81
..................................................................


WIND (MPH)
  HIGHEST WIND SPEED    14   HIGHEST WIND DIRECTION     W (280)
  HIGHEST GUST SPEED    17   HIGHEST GUST DIRECTION     W (290)
  AVERAGE WIND SPEED     3.4


SKY COVER
  POSSIBLE SUNSHINE  MM
  AVERAGE SKY COVER 0.3


WEATHER CONDITIONS
 THE FOLLOWING WEATHER WAS RECORDED YESTERDAY.
  THUNDERSTORM
  HEAVY RAIN
  LIGHT RAIN
  FOG


RELATIVE HUMIDITY (PERCENT)
 HIGHEST   100           300 AM
 LOWEST     65           300 PM
 AVERAGE    83

..........................................................


THE LAFAYETTE CLIMATE NORMALS FOR TODAY
                         NORMAL    RECORD    YEAR
 MAXIMUM TEMPERATURE (F)   80        90      2006
 MINIMUM TEMPERATURE (F)   59        36      1921


SUNRISE AND SUNSET
APRIL 18 2015.........SUNRISE   638 AM CDT   SUNSET   737 PM CDT
APRIL 19 2015.........SUNRISE   637 AM CDT   SUNSET   738 PM CDT


-  INDICATES NEGATIVE NUMBERS.
R  INDICATES RECORD WAS SET OR TIED.
MM INDICATES DATA IS MISSING.
T  INDICATES TRACE AMOUNT.




$$
