000
CDUS46 KMFR 060847
CLILMT


CLIMATE REPORT
NATIONAL WEATHER SERVICE MEDFORD, OR
147 AM PDT WED MAY 6 2015


...................................

...THE KLAMATH FALLS OR CLIMATE SUMMARY FOR MAY 5 2015...

CLIMATE NORMAL PERIOD 1981 TO 2010
CLIMATE RECORD PERIOD 1928 TO 2015


WEATHER ITEM   OBSERVED TIME   RECORD YEAR NORMAL DEPARTURE LAST
                VALUE   (LST)  VALUE       VALUE  FROM      YEAR
                                                  NORMAL
..................................................................
TEMPERATURE (F)
 YESTERDAY
  MAXIMUM         65    211 PM  86    1992  62      3       53
  MINIMUM         29    503 AM  23    2012  35     -6       36
                                      2007
                                      1999
  AVERAGE         47                        48     -1       45

PRECIPITATION (IN)
  YESTERDAY        0.00          0.41 1979   0.07  -0.07     0.00
  MONTH TO DATE    0.00                      0.35  -0.35      T
  SINCE OCT 1     10.06                     11.45  -1.39     5.42
  SINCE JAN 1      3.60                      6.76  -3.16     4.79

SNOWFALL (IN)
  YESTERDAY       MM                        MM     MM       MM
  MONTH TO DATE   MM                        MM     MM       MM
  SINCE JUL 1     MM                        MM     MM        0.0
  SNOW DEPTH      MM

DEGREE DAYS
 HEATING
  YESTERDAY       18                        17      1       20
  MONTH TO DATE   59                        86    -27       64
  SINCE MAR 1   1349                      1564   -215     1368
  SINCE JUL 1   4923                      6405  -1482     6151

 COOLING
  YESTERDAY        0                         0      0        0
  MONTH TO DATE    0                         0      0        0
  SINCE MAR 1      0                         0      0        0
  SINCE JAN 1      0                         0      0        0
..................................................................


WIND (MPH)
  HIGHEST WIND SPEED    20   HIGHEST WIND DIRECTION    NW (330)
  HIGHEST GUST SPEED    27   HIGHEST GUST DIRECTION     W (260)
  AVERAGE WIND SPEED     7.9


SKY COVER
  POSSIBLE SUNSHINE  MM
  AVERAGE SKY COVER 0.0


WEATHER CONDITIONS
 THE FOLLOWING WEATHER WAS RECORDED YESTERDAY.
  NO SIGNIFICANT WEATHER WAS OBSERVED.


RELATIVE HUMIDITY (PERCENT)
 HIGHEST    89           300 AM
 LOWEST     19           200 PM

..........................................................


THE KLAMATH FALLS OR CLIMATE NORMALS FOR TODAY
                         NORMAL    RECORD    YEAR
 MAXIMUM TEMPERATURE (F)   63        88      1992
 MINIMUM TEMPERATURE (F)   35        18      1968


SUNRISE AND SUNSET
MAY  6 2015...........SUNRISE   556 AM PDT   SUNSET   811 PM PDT
MAY  7 2015...........SUNRISE   555 AM PDT   SUNSET   813 PM PDT


-  INDICATES NEGATIVE NUMBERS.
R  INDICATES RECORD WAS SET OR TIED.
MM INDICATES DATA IS MISSING.
T  INDICATES TRACE AMOUNT.




$$
