000
CDUS43 KLOT 040639
CLILOT


CLIMATE REPORT
NATIONAL WEATHER SERVICE CHICAGO IL
138 AM CDT MON MAY 4 2015


...................................

...THE ROMEOVILLE  WFO CLIMATE SUMMARY FOR MAY 3 2015...

CLIMATE NORMAL PERIOD 1981 TO 2010
CLIMATE RECORD PERIOD 1992 TO 2015


WEATHER ITEM   OBSERVED RECORD YEAR NORMAL DEPARTURE LAST
                VALUE   VALUE       VALUE  FROM      YEAR
                                           NORMAL
...........................................................
TEMPERATURE (F)
 YESTERDAY
  MAXIMUM         81     86    2001  67     14       66
  MINIMUM         56     26    2005  46     10       44
  AVERAGE         69                 56     13       55

PRECIPITATION (IN)
  YESTERDAY        0.02   0.55 2012   0.15  -0.13      T
  MONTH TO DATE    0.02               0.44  -0.42     0.13
  SINCE MAR 1      4.27               7.17  -2.90     6.05
  SINCE JAN 1      7.11              10.88  -3.77    10.91

DEGREE DAYS
 HEATING
  YESTERDAY        0                  9     -9
  MONTH TO DATE   14                 28    -14
  SINCE MAR 1   1333               1294     39
  SINCE JUL 1   6578               6022    556

 COOLING
  YESTERDAY        4                  1      3
  MONTH TO DATE    4                  1      3
  SINCE MAR 1      4                  6     -2
  SINCE JAN 1      4                  6     -2
...........................................................







THE ROMEOVILLE  WFO CLIMATE NORMALS FOR TODAY
                         NORMAL    RECORD    YEAR
 MAXIMUM TEMPERATURE (F)   68        82      2000
                                             1999
 MINIMUM TEMPERATURE (F)   46        35      2005


SUNRISE AND SUNSET
MAY  4 2015...........SUNRISE   546 AM CDT   SUNSET   753 PM CDT
MAY  5 2015...........SUNRISE   544 AM CDT   SUNSET   754 PM CDT


-  INDICATES NEGATIVE NUMBERS.
R  INDICATES RECORD WAS SET OR TIED.
MM INDICATES DATA IS MISSING.
T  INDICATES TRACE AMOUNT.




$$
