000
CDUS44 KCRP 280857
CLILRD

CLIMATE REPORT
NATIONAL WEATHER SERVICE CORPUS CHRISTI TX
351 AM CDT TUE APR 28 2015


...................................

...THE LAREDO CLIMATE SUMMARY FOR APRIL 27 2015...

CLIMATE NORMAL PERIOD 1981 TO 2010
CLIMATE RECORD PERIOD 1900 TO 2015


WEATHER ITEM   OBSERVED TIME   RECORD YEAR NORMAL DEPARTURE LAST
                VALUE   (LST)  VALUE       VALUE  FROM      YEAR
                                                  NORMAL
..................................................................
TEMPERATURE (F)
 YESTERDAY
  MAXIMUM         89    449 PM 109    2014  90     -1      109
  MINIMUM         68   1155 PM  46    1928  67      1       74
  AVERAGE         79                        79      0       92

PRECIPITATION (IN)
  YESTERDAY        0.20          1.12 2013   0.06   0.14     0.00
  MONTH TO DATE    4.48                      1.23   3.25     0.03
  SINCE MAR 1      7.05                      2.35   4.70     1.11
  SINCE JAN 1      7.93                      4.19   3.74     1.32

SNOWFALL (IN)
  YESTERDAY        0.0
  MONTH TO DATE    0.0
  SINCE MAR 1      0.0
  SINCE JUL 1      0.0

DEGREE DAYS
 HEATING
  YESTERDAY        0                         0      0        0
  MONTH TO DATE    0                        12    -12        5
  SINCE MAR 1    128                        81     47      104
  SINCE JUL 1   1063                       925    138     1095

 COOLING
  YESTERDAY       14                        14      0       27
  MONTH TO DATE  308                       300      8      338
  SINCE MAR 1    399                       473    -74      474
  SINCE JAN 1    447                       558   -111      586
..................................................................


WIND (MPH)
  HIGHEST WIND SPEED    24   HIGHEST WIND DIRECTION     N (360)
  HIGHEST GUST SPEED    31   HIGHEST GUST DIRECTION     N (10)
  AVERAGE WIND SPEED    11.3


SKY COVER
  POSSIBLE SUNSHINE  MM
  AVERAGE SKY COVER 0.1


WEATHER CONDITIONS
 THE FOLLOWING WEATHER WAS RECORDED YESTERDAY.
  THUNDERSTORM
  HEAVY RAIN
  LIGHT RAIN
  FOG
  HAZE


RELATIVE HUMIDITY (PERCENT)
 HIGHEST    97           100 AM
 LOWEST     23           200 PM

..........................................................


THE LAREDO CLIMATE NORMALS FOR TODAY
                         NORMAL    RECORD    YEAR
 MAXIMUM TEMPERATURE (F)   90       112      1937
 MINIMUM TEMPERATURE (F)   68        44      1997


SUNRISE AND SUNSET
APRIL 28 2015.........SUNRISE   701 AM CDT   SUNSET   810 PM CDT
APRIL 29 2015.........SUNRISE   700 AM CDT   SUNSET   810 PM CDT


-  INDICATES NEGATIVE NUMBERS.
R  INDICATES RECORD WAS SET OR TIED.
MM INDICATES DATA IS MISSING.
T  INDICATES TRACE AMOUNT.




$$
