000
CDUS45 KBYZ 012235
CLILVM


CLIMATE REPORT
NATIONAL WEATHER SERVICE BILLINGS MT
434 PM MDT WED APR 1 2015


...................................

...THE LIVINGSTON MT CLIMATE SUMMARY FOR APRIL 1 2015...
VALID TODAY AS OF 0400 PM LOCAL TIME.

CLIMATE NORMAL PERIOD 1981 TO 2010
CLIMATE RECORD PERIOD 1948 TO 2015


WEATHER ITEM   OBSERVED TIME   RECORD YEAR NORMAL DEPARTURE LAST
                VALUE   (LST)  VALUE       VALUE  FROM      YEAR
                                                  NORMAL
..................................................................
TEMPERATURE (F)
 TODAY
  MAXIMUM         49   1213 PM  72    1966  51     -2       44
  MINIMUM         34    609 AM   5    1975  27      7       26
  AVERAGE         42                        39      3       35

PRECIPITATION (IN)
  TODAY            0.01          0.40        0.04  -0.03     0.00
  MONTH TO DATE    0.01                      0.04  -0.03     0.00
  SINCE OCT 1      3.26                      4.24  -0.98     5.37
  SINCE JAN 1      1.47                      1.87  -0.40     3.08

DEGREE DAYS
 HEATING
  TODAY           23                        26     -3       30
  MONTH TO DATE   23                        26     -3       30
  SINCE MAR 1    629                       937   -308      959
  SINCE JUL 1   5243                      6285  -1042     6202

 COOLING
  TODAY            0                         0      0        0
  MONTH TO DATE    0                         0      0        0
  SINCE MAR 1      0                         0      0        0
  SINCE JAN 1      0                         0      0        0
..................................................................


WIND (MPH)
  HIGHEST WIND SPEED    37   HIGHEST WIND DIRECTION     W (270)
  HIGHEST GUST SPEED    46   HIGHEST GUST DIRECTION     W (260)
  AVERAGE WIND SPEED    26.3


SKY COVER
  POSSIBLE SUNSHINE  MM
  AVERAGE SKY COVER 0.3


WEATHER CONDITIONS
 THE FOLLOWING WEATHER WAS RECORDED TODAY.
  LIGHT RAIN
  LIGHT SNOW


RELATIVE HUMIDITY (PERCENT)
 HIGHEST    75           500 AM
 LOWEST     25           100 PM
 AVERAGE    50

..........................................................


THE LIVINGSTON MT CLIMATE NORMALS FOR TOMORROW
                         NORMAL    RECORD    YEAR
 MAXIMUM TEMPERATURE (F)   51        72      1990
 MINIMUM TEMPERATURE (F)   27         2      2002


SUNRISE AND SUNSET
APRIL  1 2015.........SUNRISE   702 AM MDT   SUNSET   750 PM MDT
APRIL  2 2015.........SUNRISE   700 AM MDT   SUNSET   751 PM MDT


-  INDICATES NEGATIVE NUMBERS.
R  INDICATES RECORD WAS SET OR TIED.
MM INDICATES DATA IS MISSING.
T  INDICATES TRACE AMOUNT.





&&

THIS IS AN AUTOMATED...UNATTENDED WEATHER STATION AND MAY
UNDERESTIMATE WINTER PRECIPITATION.

$$
