000
CDUS45 KTFX 190037
CLILWT


CLIMATE REPORT
NATIONAL WEATHER SERVICE GREAT FALLS MT
636 PM MDT SAT APR 18 2015


...................................

...THE LEWISTOWN MT CLIMATE SUMMARY FOR APRIL 18 2015...
VALID TODAY AS OF 0500 PM LOCAL TIME.

CLIMATE NORMAL PERIOD 1981 TO 2010
CLIMATE RECORD PERIOD 1896 TO 2015


WEATHER ITEM   OBSERVED TIME   RECORD YEAR NORMAL DEPARTURE LAST
                VALUE   (LST)  VALUE       VALUE  FROM      YEAR
                                                  NORMAL
..................................................................
TEMPERATURE (F)
 TODAY
  MAXIMUM         48    921 AM  81    1936  54     -6       57
  MINIMUM         36    228 AM   5    1951  30      6       34
  AVERAGE         42                        42      0       46

PRECIPITATION (IN)
  TODAY            T             1.03 2005   0.04  -0.04     0.02
  MONTH TO DATE    0.78                      0.76   0.02     0.35
  SINCE OCT 1      5.39                      5.26   0.13     5.18
  SINCE JAN 1      3.08                      2.76   0.32     3.10

SNOWFALL (IN)
  TODAY            0.0
  SNOW DEPTH       0

DEGREE DAYS
 HEATING
  TODAY           23                        23      0       19
  MONTH TO DATE  429                       454    -25      469
  SINCE MAR 1   1122                      1449   -327     1586
  SINCE JUL 1   6320                      7253   -933     7642

 COOLING
  TODAY            0                         0      0        0
  MONTH TO DATE    0                         0      0        0
  SINCE MAR 1      0                         0      0        0
  SINCE JAN 1      0                         0      0        0
..................................................................


WIND (MPH)
  HIGHEST WIND SPEED    28   HIGHEST WIND DIRECTION    NW (310)
  HIGHEST GUST SPEED    37   HIGHEST GUST DIRECTION    NW (310)
  AVERAGE WIND SPEED    12.3


SKY COVER
  AVERAGE SKY COVER 0.5


WEATHER CONDITIONS
 THE FOLLOWING WEATHER WAS RECORDED TODAY.
  LIGHT RAIN


RELATIVE HUMIDITY (PERCENT)
 HIGHEST    79
 LOWEST     50
 AVERAGE    65

..........................................................


THE LEWISTOWN MT CLIMATE NORMALS FOR TOMORROW
                         NORMAL    RECORD    YEAR
 MAXIMUM TEMPERATURE (F)   55        86      1910
 MINIMUM TEMPERATURE (F)   30         3      1951


SUNRISE AND SUNSET
APRIL 18 2015.........SUNRISE   625 AM MDT   SUNSET   811 PM MDT
APRIL 19 2015.........SUNRISE   623 AM MDT   SUNSET   812 PM MDT


-  INDICATES NEGATIVE NUMBERS.
R  INDICATES RECORD WAS SET OR TIED.
MM INDICATES DATA IS MISSING.
T  INDICATES TRACE AMOUNT.




$$
