000
CDUS46 KHNX 060021
CLIMAE


CLIMATE REPORT
NATIONAL WEATHER SERVICE SAN JOAQUIN VALLEY, CA
521 PM PDT TUE MAY 5 2015


...................................

...THE MADERA CA CLIMATE SUMMARY FOR MAY 5 2015...
VALID AS OF 0500 PM LOCAL TIME.

CLIMATE NORMAL PERIOD 1981 TO 2010
CLIMATE RECORD PERIOD 1998 TO 2015


WEATHER ITEM   OBSERVED TIME   RECORD YEAR NORMAL DEPARTURE LAST
                VALUE   (LST)  VALUE       VALUE  FROM      YEAR
                                                  NORMAL
..................................................................
TEMPERATURE (F)
 TODAY
  MAXIMUM         81    347 PM  95    2011  81      0       75
  MINIMUM         49    505 AM  41    1999  49      0       53
  AVERAGE         65                        65      0       64

PRECIPITATION (IN)
  TODAY            0.00          1.42 2005   0.03  -0.03     0.00
  MONTH TO DATE    0.00                      0.13  -0.13     0.00
  SINCE OCT 1      5.26                     11.19  -5.93     4.30
  SINCE JAN 1      1.58                      7.46  -5.88     3.61

SNOWFALL (IN)
  TODAY            0.0
  MONTH TO DATE    0.0
  SINCE MAR 1      0.0
  SINCE JUL 1      0.0
  SNOW DEPTH       0

DEGREE DAYS
 HEATING
  TODAY            0                                         1
  MONTH TO DATE    0                                         1
  SINCE MAR 1    249                                       297
  SINCE JUL 1   1699                                      2124

 COOLING
  TODAY            0                                         0
  MONTH TO DATE   27                                        25
  SINCE MAR 1    103                                        82
  SINCE JAN 1    105                                        82
..................................................................


WIND (MPH)
  HIGHEST WIND SPEED    13   HIGHEST WIND DIRECTION    NW (320)
  HIGHEST GUST SPEED    17   HIGHEST GUST DIRECTION    NW (310)
  AVERAGE WIND SPEED     6.3




RELATIVE HUMIDITY (PERCENT)
 HIGHEST    80
 LOWEST     19
 AVERAGE    50

..........................................................


THE MADERA CA CLIMATE NORMALS FOR TOMORROW
                         NORMAL    RECORD    YEAR
 MAXIMUM TEMPERATURE (F)   81        92      2001
 MINIMUM TEMPERATURE (F)   49        42      2010


SUNRISE AND SUNSET
MAY  5 2015...........SUNRISE   602 AM PDT   SUNSET   753 PM PDT
MAY  6 2015...........SUNRISE   601 AM PDT   SUNSET   754 PM PDT


-  INDICATES NEGATIVE NUMBERS.
R  INDICATES RECORD WAS SET OR TIED.
MM INDICATES DATA IS MISSING.
T  INDICATES TRACE AMOUNT.




$$
