000
CDUS46 KHNX 250020
CLIMCE


CLIMATE REPORT
NATIONAL WEATHER SERVICE SAN JOAQUIN VALLEY, CA
520 PM PDT FRI APR 24 2015


...................................

...THE MERCED  CA CLIMATE SUMMARY FOR APRIL 24 2015...
VALID AS OF 0500 PM LOCAL TIME.

CLIMATE NORMAL PERIOD 1981 TO 2010
CLIMATE RECORD PERIOD 1998 TO 2015


WEATHER ITEM   OBSERVED TIME   RECORD YEAR NORMAL DEPARTURE LAST
                VALUE   (LST)  VALUE       VALUE  FROM      YEAR
                                                  NORMAL
..................................................................
TEMPERATURE (F)
 TODAY
  MAXIMUM         74    359 PM  87    2013  76     -2       78
  MINIMUM         49    542 AM  39    2008  47      2       47
  AVERAGE         62                        61      1       63

PRECIPITATION (IN)
  TODAY            0.00          0.05 2003   0.03  -0.03     0.00
  MONTH TO DATE    0.36                      0.78  -0.42     0.29
  SINCE OCT 1      6.37                     11.31  -4.94     4.67
  SINCE JAN 1      1.62                      7.80  -6.18     3.66

SNOWFALL (IN)
  TODAY            0.0
  MONTH TO DATE    0.0
  SINCE MAR 1      0.0
  SINCE JUL 1      0.0
  SNOW DEPTH       0

DEGREE DAYS
 HEATING
  TODAY            3                                         2
  MONTH TO DATE  121                                        70
  SINCE MAR 1    251                                       229
  SINCE JUL 1   1715                                      2098

 COOLING
  TODAY            0                                         0
  MONTH TO DATE    8                                        52
  SINCE MAR 1     22                                        52
  SINCE JAN 1     22                                        52
..................................................................


WIND (MPH)
  HIGHEST WIND SPEED    16   HIGHEST WIND DIRECTION    NW (310)
  HIGHEST GUST SPEED    19   HIGHEST GUST DIRECTION    NW (310)
  AVERAGE WIND SPEED     5.1




RELATIVE HUMIDITY (PERCENT)
 HIGHEST    80
 LOWEST     17
 AVERAGE    49

..........................................................


THE MERCED  CA CLIMATE NORMALS FOR TOMORROW
                         NORMAL    RECORD    YEAR
 MAXIMUM TEMPERATURE (F)   76        92      2004
 MINIMUM TEMPERATURE (F)   47        39      2009


SUNRISE AND SUNSET
APRIL 24 2015.........SUNRISE   616 AM PDT   SUNSET   746 PM PDT
APRIL 25 2015.........SUNRISE   615 AM PDT   SUNSET   746 PM PDT


-  INDICATES NEGATIVE NUMBERS.
R  INDICATES RECORD WAS SET OR TIED.
MM INDICATES DATA IS MISSING.
T  INDICATES TRACE AMOUNT.




$$
