000
CDUS44 KJAN 060733
CLIMEI


CLIMATE REPORT
NATIONAL WEATHER SERVICE JACKSON MS
230 AM CDT WED MAY 6 2015


...................................

...THE MERIDIAN CLIMATE SUMMARY FOR MAY 5 2015...

CLIMATE NORMAL PERIOD 1981 TO 2010
CLIMATE RECORD PERIOD 1889 TO 2015


WEATHER ITEM   OBSERVED TIME   RECORD YEAR NORMAL DEPARTURE LAST
                VALUE   (LST)  VALUE       VALUE  FROM      YEAR
                                                  NORMAL
..................................................................
TEMPERATURE (F)
 YESTERDAY
  MAXIMUM         83    236 PM  94    1952  81      2       86
  MINIMUM         53    537 AM  39    2011  55     -2       55
  AVERAGE         68                        68      0       71

PRECIPITATION (IN)
  YESTERDAY        0.00          4.04 1908   0.14  -0.14     0.00
  MONTH TO DATE    0.00                      0.73  -0.73     0.00
  SINCE MAR 1     10.06                     10.93  -0.87    19.77
  SINCE JAN 1     20.90                     21.66  -0.76    29.12

SNOWFALL (IN)
  YESTERDAY        0.0           0.0    MM   0.0    0.0      0.0
  MONTH TO DATE    0.0                       0.0    0.0      0.0
  SINCE MAR 1      T                         0.3   -0.3      0.0
  SINCE JUL 1      T                         0.6   -0.6      2.5

DEGREE DAYS
 HEATING
  YESTERDAY        0                         1     -1        0
  MONTH TO DATE    6                         6      0       12
  SINCE MAR 1    263                       443   -180      480
  SINCE JUL 1   2504                      2540    -36     2856

 COOLING
  YESTERDAY        3                         4     -1        6
  MONTH TO DATE    5                        19    -14        9
  SINCE MAR 1    145                        95     50       70
  SINCE JAN 1    145                       102     43       77
..................................................................


WIND (MPH)
  HIGHEST WIND SPEED    17   HIGHEST WIND DIRECTION     E (90)
  HIGHEST GUST SPEED    20   HIGHEST GUST DIRECTION     E (90)
  AVERAGE WIND SPEED     4.9


SKY COVER
  POSSIBLE SUNSHINE  MM
  AVERAGE SKY COVER 0.1


WEATHER CONDITIONS
 THE FOLLOWING WEATHER WAS RECORDED YESTERDAY.
  NO SIGNIFICANT WEATHER WAS OBSERVED.


RELATIVE HUMIDITY (PERCENT)
 HIGHEST    93           200 AM
 LOWEST     39          1000 AM
 AVERAGE    66

..........................................................


THE MERIDIAN CLIMATE NORMALS FOR TODAY
                         NORMAL    RECORD    YEAR
 MAXIMUM TEMPERATURE (F)   81        94      1952
 MINIMUM TEMPERATURE (F)   56        40      1957
                                             1945


SUNRISE AND SUNSET
MAY  6 2015...........SUNRISE   604 AM CDT   SUNSET   739 PM CDT
MAY  7 2015...........SUNRISE   603 AM CDT   SUNSET   740 PM CDT


-  INDICATES NEGATIVE NUMBERS.
R  INDICATES RECORD WAS SET OR TIED.
MM INDICATES DATA IS MISSING.
T  INDICATES TRACE AMOUNT.




$$
