000
CDUS41 KPBZ 261226
CLIMGW


CLIMATE REPORT
NATIONAL WEATHER SERVICE PITTSBURGH PA
824 AM EDT SUN APR 26 2015


...................................

...THE MORGANTOWN WV CLIMATE SUMMARY FOR APRIL 26 2015...
VALID AS OF 0800 AM LOCAL TIME.

CLIMATE NORMAL PERIOD 1981 TO 2010
CLIMATE RECORD PERIOD 1948 TO 2015


WEATHER ITEM   OBSERVED TIME   RECORD YEAR NORMAL DEPARTURE LAST
                VALUE   (LST)  VALUE       VALUE  FROM      YEAR
                                                  NORMAL
..................................................................
TEMPERATURE (F)
 TODAY
  MINIMUM         41    546 AM  25    1972  45     -4       44

PRECIPITATION (IN)
  TODAY            0.00         MM      MM   0.12  -0.12     0.01
  MONTH TO DATE    5.45                      3.05   2.40     2.35
  SINCE JUN 1     42.16                     36.75   5.41    38.71
  SINCE JAN 1     15.93                     12.11   3.82    10.28

DEGREE DAYS
 HEATING
  TODAY           22

 COOLING
  TODAY            0
..................................................................





WEATHER CONDITIONS
 THE FOLLOWING WEATHER WAS RECORDED TODAY.
  NO SIGNIFICANT WEATHER WAS OBSERVED.


RELATIVE HUMIDITY (PERCENT)
 HIGHEST    76          1200 AM

..........................................................


THE MORGANTOWN WV CLIMATE NORMALS FOR TOMORROW
                         NORMAL    RECORD    YEAR
 MAXIMUM TEMPERATURE (F)   68        89      2009
 MINIMUM TEMPERATURE (F)   45        28      1971


SUNRISE AND SUNSET
APRIL 26 2015.........SUNRISE   627 AM EDT   SUNSET   808 PM EDT
APRIL 27 2015.........SUNRISE   626 AM EDT   SUNSET   809 PM EDT


-  INDICATES NEGATIVE NUMBERS.
R  INDICATES RECORD WAS SET OR TIED.
MM INDICATES DATA IS MISSING.
T  INDICATES TRACE AMOUNT.




$$
