000
CDUS46 KMFR 260858
CLIMHS


CLIMATE REPORT
NATIONAL WEATHER SERVICE MEDFORD, OR
158 AM PDT SUN APR 26 2015


...................................

...THE MT SHASTA CITY CA CLIMATE SUMMARY FOR APRIL 25 2015...

CLIMATE NORMAL PERIOD 1981 TO 2010
CLIMATE RECORD PERIOD 1908 TO 2015


WEATHER ITEM   OBSERVED TIME   RECORD YEAR NORMAL DEPARTURE LAST
                VALUE   (LST)  VALUE       VALUE  FROM      YEAR
                                                  NORMAL
..................................................................
TEMPERATURE (F)
 YESTERDAY
  MAXIMUM         60    252 PM  84    1926  63     -3       53
  MINIMUM         38    612 AM  23    1975  35      3       35
  AVERAGE         49                        49      0       44

PRECIPITATION (IN)
  YESTERDAY        0.00          1.69 1955   0.09  -0.09     0.14
  MONTH TO DATE    1.48                      2.54  -1.06     0.94
  SINCE OCT 1     32.91                     38.00  -5.09    12.46
  SINCE JAN 1     13.39                     22.79  -9.40    11.35

SNOWFALL (IN)
  YESTERDAY       MM                         0.1   MM       MM
  MONTH TO DATE   MM                         5.1   MM       MM
  SINCE JUL 1     MM                        91.2   MM        0.0
  SNOW DEPTH      MM

DEGREE DAYS
 HEATING
  YESTERDAY       16                        16      0       21
  MONTH TO DATE  423                       460    -37      348
  SINCE MAR 1    912                      1164   -252      952
  SINCE JUL 1   3878                      5139  -1261     4568

 COOLING
  YESTERDAY        0                         0      0        0
  MONTH TO DATE    0                         0      0        0
  SINCE MAR 1      0                         0      0        0
  SINCE JAN 1      0                         0      0        0
..................................................................


WIND (MPH)
  HIGHEST WIND SPEED    10   HIGHEST WIND DIRECTION     N (10)
  HIGHEST GUST SPEED    19   HIGHEST GUST DIRECTION    NW (320)
  AVERAGE WIND SPEED     5.8


SKY COVER
  POSSIBLE SUNSHINE  MM
  AVERAGE SKY COVER 0.4


WEATHER CONDITIONS
 THE FOLLOWING WEATHER WAS RECORDED YESTERDAY.
  NO SIGNIFICANT WEATHER WAS OBSERVED.


RELATIVE HUMIDITY (PERCENT)
 HIGHEST    85
 LOWEST     30           200 PM

..........................................................


THE MT SHASTA CITY CA CLIMATE NORMALS FOR TODAY
                         NORMAL    RECORD    YEAR
 MAXIMUM TEMPERATURE (F)   64        83      2004
 MINIMUM TEMPERATURE (F)   35        26      1977


SUNRISE AND SUNSET
APRIL 26 2015.........SUNRISE   614 AM PDT   SUNSET   801 PM PDT
APRIL 27 2015.........SUNRISE   612 AM PDT   SUNSET   802 PM PDT


-  INDICATES NEGATIVE NUMBERS.
R  INDICATES RECORD WAS SET OR TIED.
MM INDICATES DATA IS MISSING.
T  INDICATES TRACE AMOUNT.




$$
