000
CDUS43 KDVN 252139
CLIMLI


CLIMATE REPORT
NATIONAL WEATHER SERVICE QUAD CITIES IA IL
438 PM CDT SAT APR 25 2015


...................................

...THE MOLINE IL CLIMATE SUMMARY FOR APRIL 25 2015...
VALID TODAY AS OF 0400 PM LOCAL TIME.

CLIMATE NORMAL PERIOD 1981 TO 2010
CLIMATE RECORD PERIOD 1872 TO 2015


WEATHER ITEM   OBSERVED TIME   RECORD YEAR NORMAL DEPARTURE LAST
                VALUE   (LST)  VALUE       VALUE  FROM      YEAR
                                                  NORMAL
..................................................................
TEMPERATURE (F)
 TODAY
  MAXIMUM         51    146 PM  93    1986  66    -15       74
  MINIMUM         42    425 AM  22    1934  44     -2       42
  AVERAGE         47                        55     -8       58

PRECIPITATION (IN)
  TODAY            0.57          1.11 1939   0.12   0.45     0.00
  MONTH TO DATE    1.48                      2.92  -1.44     1.96
  SINCE MAR 1      2.37                      5.78  -3.41     2.87
  SINCE JAN 1      5.30                      8.87  -3.57     6.89

SNOWFALL (IN)
  TODAY            0.0          MM      MM   0.0    0.0      0.0
  MONTH TO DATE    0.0                       0.9   -0.9       T
  SINCE MAR 1      0.1                       4.9   -4.8     10.3
  SINCE JUL 1     39.1                      31.6    7.5     65.1
  SNOW DEPTH       0

DEGREE DAYS
 HEATING
  TODAY           18                        11      7        7
  MONTH TO DATE  305                       373    -68      392
  SINCE MAR 1   1148                      1177    -29     1418
  SINCE JUL 1   6406                      5975    431     7088

 COOLING
  TODAY            0                         1     -1        0
  MONTH TO DATE    0                         9     -9        5
  SINCE MAR 1      0                        10    -10        5
  SINCE JAN 1      0                        10    -10        5
..................................................................


WIND (MPH)
  HIGHEST WIND SPEED    36   HIGHEST WIND DIRECTION     E (70)
  HIGHEST GUST SPEED    43   HIGHEST GUST DIRECTION     E (70)
  AVERAGE WIND SPEED    20.6


SKY COVER
  POSSIBLE SUNSHINE  MM
  AVERAGE SKY COVER 0.8


WEATHER CONDITIONS
 THE FOLLOWING WEATHER WAS RECORDED TODAY.
  THUNDERSTORM
  HEAVY RAIN
  RAIN
  LIGHT RAIN
  FOG


RELATIVE HUMIDITY (PERCENT)
 HIGHEST    89           400 AM
 LOWEST     74           200 PM
 AVERAGE    82

..........................................................


THE MOLINE IL CLIMATE NORMALS FOR TOMORROW
                         NORMAL    RECORD    YEAR
 MAXIMUM TEMPERATURE (F)   66        89      1986
 MINIMUM TEMPERATURE (F)   44        29      2006


SUNRISE AND SUNSET
APRIL 25 2015.........SUNRISE   608 AM CDT   SUNSET   753 PM CDT
APRIL 26 2015.........SUNRISE   606 AM CDT   SUNSET   754 PM CDT


-  INDICATES NEGATIVE NUMBERS.
R  INDICATES RECORD WAS SET OR TIED.
MM INDICATES DATA IS MISSING.
T  INDICATES TRACE AMOUNT.




$$
